{"id":1175,"date":"2025-09-22T16:36:58","date_gmt":"2025-09-22T14:36:58","guid":{"rendered":"https:\/\/albaneleonard.fr\/?page_id=1175"},"modified":"2025-12-11T22:18:15","modified_gmt":"2025-12-11T21:18:15","slug":"monologue","status":"publish","type":"page","link":"https:\/\/albaneleonard.fr\/index.php\/monologue\/","title":{"rendered":"MONOLOGUE"},"content":{"rendered":"\n<h1 class=\"wp-block-heading has-text-color has-link-color wp-elements-ae903bfa2587e713fb441efc7e965855\" style=\"color:#8a250a\">D\u00e9part d&rsquo;Alth\u00e9a &#8211; <em>L\u00e9gende d&rsquo;Aristide<\/em><\/h1>\n\n\n\n<div style=\"height:50px\" aria-hidden=\"true\" class=\"wp-block-spacer\"><\/div>\n\n\n\n<div class=\"wp-block-columns is-layout-flex wp-container-core-columns-is-layout-9d6595d7 wp-block-columns-is-layout-flex\">\n<div class=\"wp-block-column is-layout-flow wp-block-column-is-layout-flow\">\n<h5 class=\"wp-block-heading\">Ecriture et Mise en sc\u00e8ne d&rsquo;un monologue<\/h5>\n\n\n\n<p class=\"has-small-font-size\" style=\"font-style:normal;font-weight:300;letter-spacing:1px;text-transform:none\">Il y a quelques ann\u00e9es, j\u2019ai eu l\u2019opportunit\u00e9, gr\u00e2ce aux cours, d\u2019\u00e9crire et de mettre en sc\u00e8ne un monologue. L\u2019exercice consistait \u00e0 s\u2019inspirer des monologues antiques, \u00e0 la mani\u00e8re de M\u00e9d\u00e9e, tout en imaginant une mise en sc\u00e8ne contrastant avec leur anciennet\u00e9. J\u2019ai particuli\u00e8rement aim\u00e9 cet exercice, car il m\u2019a permis de d\u00e9couvrir deux univers que je n\u2019avais encore jamais explor\u00e9s : l\u2019\u00e9criture et la mise en sc\u00e8ne. Cette exp\u00e9rience a stimul\u00e9 ma cr\u00e9ativit\u00e9 et m\u2019a pouss\u00e9e \u00e0 explorer de nouvelles choses.<\/p>\n\n\n\n<div style=\"height:35px\" aria-hidden=\"true\" class=\"wp-block-spacer\"><\/div>\n\n\n\n<figure class=\"wp-block-image size-large\"><img loading=\"lazy\" decoding=\"async\" width=\"1024\" height=\"577\" src=\"https:\/\/albaneleonard.fr\/wp-content\/uploads\/2025\/09\/Capture-decran-2023-11-05-182456-1024x577.png\" alt=\"\" class=\"wp-image-950\" srcset=\"https:\/\/albaneleonard.fr\/wp-content\/uploads\/2025\/09\/Capture-decran-2023-11-05-182456-1024x577.png 1024w, https:\/\/albaneleonard.fr\/wp-content\/uploads\/2025\/09\/Capture-decran-2023-11-05-182456-300x169.png 300w, https:\/\/albaneleonard.fr\/wp-content\/uploads\/2025\/09\/Capture-decran-2023-11-05-182456-768x433.png 768w, https:\/\/albaneleonard.fr\/wp-content\/uploads\/2025\/09\/Capture-decran-2023-11-05-182456-1536x866.png 1536w, https:\/\/albaneleonard.fr\/wp-content\/uploads\/2025\/09\/Capture-decran-2023-11-05-182456.png 1920w\" sizes=\"auto, (max-width: 1024px) 100vw, 1024px\" \/><figcaption class=\"wp-element-caption\">Extrait de la vid\u00e9o finale <\/figcaption><\/figure>\n<\/div>\n\n\n\n<div class=\"wp-block-column is-layout-flow wp-block-column-is-layout-flow\">\n<figure class=\"wp-block-image size-large\"><img loading=\"lazy\" decoding=\"async\" width=\"1615\" height=\"865\" src=\"https:\/\/albaneleonard.fr\/wp-content\/uploads\/2025\/09\/Capture-decran-2023-11-05-182250-edited-1.png\" alt=\"\" class=\"wp-image-952\" srcset=\"https:\/\/albaneleonard.fr\/wp-content\/uploads\/2025\/09\/Capture-decran-2023-11-05-182250-edited-1.png 1615w, https:\/\/albaneleonard.fr\/wp-content\/uploads\/2025\/09\/Capture-decran-2023-11-05-182250-edited-1-300x161.png 300w, https:\/\/albaneleonard.fr\/wp-content\/uploads\/2025\/09\/Capture-decran-2023-11-05-182250-edited-1-1024x548.png 1024w, https:\/\/albaneleonard.fr\/wp-content\/uploads\/2025\/09\/Capture-decran-2023-11-05-182250-edited-1-768x411.png 768w, https:\/\/albaneleonard.fr\/wp-content\/uploads\/2025\/09\/Capture-decran-2023-11-05-182250-edited-1-1536x823.png 1536w\" sizes=\"auto, (max-width: 1615px) 100vw, 1615px\" \/><figcaption class=\"wp-element-caption\">Extrait de la vid\u00e9o finale <\/figcaption><\/figure>\n\n\n\n<figure class=\"wp-block-image size-large\"><img loading=\"lazy\" decoding=\"async\" width=\"1024\" height=\"568\" src=\"https:\/\/albaneleonard.fr\/wp-content\/uploads\/2025\/09\/Capture-decran-2023-11-05-182326-1024x568.png\" alt=\"\" class=\"wp-image-948\" srcset=\"https:\/\/albaneleonard.fr\/wp-content\/uploads\/2025\/09\/Capture-decran-2023-11-05-182326-1024x568.png 1024w, https:\/\/albaneleonard.fr\/wp-content\/uploads\/2025\/09\/Capture-decran-2023-11-05-182326-300x166.png 300w, https:\/\/albaneleonard.fr\/wp-content\/uploads\/2025\/09\/Capture-decran-2023-11-05-182326-768x426.png 768w, https:\/\/albaneleonard.fr\/wp-content\/uploads\/2025\/09\/Capture-decran-2023-11-05-182326-1536x852.png 1536w, https:\/\/albaneleonard.fr\/wp-content\/uploads\/2025\/09\/Capture-decran-2023-11-05-182326.png 1916w\" sizes=\"auto, (max-width: 1024px) 100vw, 1024px\" \/><figcaption class=\"wp-element-caption\">Extrait de la vid\u00e9o finale <\/figcaption><\/figure>\n\n\n\n<div style=\"height:50px\" aria-hidden=\"true\" class=\"wp-block-spacer\"><\/div>\n<\/div>\n<\/div>\n\n\n<p data-start=\"134\" data-end=\"607\">C\u2019est un homme appel\u00e9 Aristide qui, lorsqu\u2019il \u00e9tait jeune, a rencontr\u00e9 la belle Alth\u00e9a, fille d\u2019Am\u00e9nophis, roi d\u2019Eub\u00e9e. Il demande au roi la main de sa fille. Le roi Am\u00e9nophis accepte, \u00e0 condition que celui-ci r\u00e9ussisse une s\u00e9rie d\u2019\u00e9preuves pour prouver qu\u2019il est digne de sa fille et de la place d\u2019h\u00e9ritier au tr\u00f4ne aux c\u00f4t\u00e9s d\u2019Alth\u00e9a. Mais Aristide ne r\u00e9ussit pas l\u2019une de ces \u00e9preuves et finit par s\u2019enfuir avec Alth\u00e9a dans une contr\u00e9e lointaine, pour \u00e9chapper au roi. Arriv\u00e9s en Galatie, les deux amants se marient et vivent une belle vie. Ils ont deux enfants. Mais un jour, Alth\u00e9a apprend que son p\u00e8re est mort. Elle doit donc faire un choix : partir retrouver sa place aupr\u00e8s de sa m\u00e8re et r\u00e9aliser les souhaits de son p\u00e8re, ou rester aupr\u00e8s de son mari. Elle d\u00e9cide finalement de choisir sa place dans la soci\u00e9t\u00e9 et de devenir reine d\u2019Eub\u00e9e, puisqu\u2019elle apprend qu\u2019Aristide a eu un enfant avec une autre femme. En partant avec ses deux enfants, elle trahit son mari, l\u2019engagement qui la liait \u00e0 lui, et le laisse dans la souffrance et la solitude. Ce monologue se d\u00e9roule \u00e0 la fin de la pi\u00e8ce : c\u2019est Aristide qui parle. Il voit sa femme s\u2019en aller avec ses deux enfants.<\/p>\n<p data-start=\"134\" data-end=\"607\">\u00a0<\/p>\n<p data-start=\"130\" data-end=\"1096\">\u00d4 dieu ! Ce char volant, disparu dans la nue,<br data-start=\"175\" data-end=\"178\" \/>La d\u00e9robe \u00e0 sa peine, aussi bien qu\u2019\u00e0 ma vue ;<br data-start=\"224\" data-end=\"227\" \/>Et son impunit\u00e9 triomphe arrogamment<br data-start=\"263\" data-end=\"266\" \/>Des projets avort\u00e9s de mon ressentiment.<br data-start=\"306\" data-end=\"309\" \/>Et comment peux-tu te passer de tous nos feux ?<br data-start=\"356\" data-end=\"359\" \/>Que dis-je ?! C\u2019est impossible, ton c\u0153ur ne le peut.<br data-start=\"411\" data-end=\"414\" \/>Reviens-moi, Alth\u00e9a\u2026 je t\u2019en prie ! Mon c\u0153ur meurt !<br data-start=\"466\" data-end=\"469\" \/>Est-ce de ma faute ? Ai-je fait quelque erreur ?!<br data-start=\"518\" data-end=\"521\" \/>Pour qu\u2019une telle r\u00e9action imp\u00e9tueuse<br data-start=\"558\" data-end=\"561\" \/>Rende mon \u00e2me en cet instant si malheureuse\u2026<br data-start=\"605\" data-end=\"608\" \/>Je sais que mes fautes, mes p\u00e9ch\u00e9s, mes crimes<br data-start=\"654\" data-end=\"657\" \/>Sont irr\u00e9missibles, mais rends-toi magnanime !<br data-start=\"703\" data-end=\"706\" \/>Et oublies-tu ce lien si fort qui nous unit ?!<br data-start=\"752\" data-end=\"755\" \/>Et face \u00e0 ta famille nous a offert cr\u00e9dit !<br data-start=\"798\" data-end=\"801\" \/>Et tu pars avec nos enfants sans affliction,<br data-start=\"845\" data-end=\"848\" \/>Mais crois-moi que les dieux te r\u00e9servent damnation !<br data-start=\"901\" data-end=\"904\" \/>Ciel, que veux-tu ?! Que je fasse un infanticide ?<br data-start=\"954\" data-end=\"957\" \/>Reviendrais-tu si je commets tel homicide ?!<br data-start=\"1001\" data-end=\"1004\" \/>Aristide t\u2019implore ! Alth\u00e9a, gracie-le !<br data-start=\"1044\" data-end=\"1047\" \/>Quel compromis veux-tu de plus que mes aveux ?!<\/p>\n<p data-start=\"1098\" data-end=\"1137\"><em data-start=\"1098\" data-end=\"1135\">Il tombe \u00e0 genoux dans le d\u00e9sespoir<\/em><\/p>\n<p data-start=\"1139\" data-end=\"1570\">Quand s\u2019\u00e9vanouira ce vide sid\u00e9ral<br data-start=\"1172\" data-end=\"1175\" \/>Qui, au creux de mes bras ballants, me fait si mal !<br data-start=\"1227\" data-end=\"1230\" \/>Ne comprends donc-tu pas ma rude repentance,<br data-start=\"1274\" data-end=\"1277\" \/>Qui laisse en moi une \u00e2pre impression d\u2019impuissance ?<br data-start=\"1330\" data-end=\"1333\" \/>\u00d4 flamme \u00e9teinte, qui ce soir consume mon c\u0153ur,<br data-start=\"1380\" data-end=\"1383\" \/>Si vous ne m\u2019aimez point, alors est venue l\u2019heure :<br data-start=\"1434\" data-end=\"1437\" \/>Adieu, mon Alth\u00e9a\u2026 je n\u2019ai aim\u00e9 que vous !<br data-start=\"1479\" data-end=\"1482\" \/>Et m\u00eame de l\u2019autre c\u00f4t\u00e9 du Styx, crois-moi,<br data-start=\"1525\" data-end=\"1528\" \/>Sans r\u00e9mission je songerai encore \u00e0 toi\u2026<\/p>\n<p data-start=\"1572\" data-end=\"1611\"><em data-start=\"1572\" data-end=\"1609\">Il se poignarde et tombe sur le sol<\/em><\/p>","protected":false},"excerpt":{"rendered":"<p>D\u00e9part d&rsquo;Alth\u00e9a &#8211; L\u00e9gende d&rsquo;Aristide Ecriture et Mise en sc\u00e8ne d&rsquo;un monologue Il [&hellip;]<\/p>\n","protected":false},"author":1,"featured_media":0,"parent":0,"menu_order":0,"comment_status":"closed","ping_status":"closed","template":"","meta":{"footnotes":""},"class_list":["post-1175","page","type-page","status-publish","hentry"],"_links":{"self":[{"href":"https:\/\/albaneleonard.fr\/index.php\/wp-json\/wp\/v2\/pages\/1175","targetHints":{"allow":["GET"]}}],"collection":[{"href":"https:\/\/albaneleonard.fr\/index.php\/wp-json\/wp\/v2\/pages"}],"about":[{"href":"https:\/\/albaneleonard.fr\/index.php\/wp-json\/wp\/v2\/types\/page"}],"author":[{"embeddable":true,"href":"https:\/\/albaneleonard.fr\/index.php\/wp-json\/wp\/v2\/users\/1"}],"replies":[{"embeddable":true,"href":"https:\/\/albaneleonard.fr\/index.php\/wp-json\/wp\/v2\/comments?post=1175"}],"version-history":[{"count":7,"href":"https:\/\/albaneleonard.fr\/index.php\/wp-json\/wp\/v2\/pages\/1175\/revisions"}],"predecessor-version":[{"id":2001,"href":"https:\/\/albaneleonard.fr\/index.php\/wp-json\/wp\/v2\/pages\/1175\/revisions\/2001"}],"wp:attachment":[{"href":"https:\/\/albaneleonard.fr\/index.php\/wp-json\/wp\/v2\/media?parent=1175"}],"curies":[{"name":"wp","href":"https:\/\/api.w.org\/{rel}","templated":true}]}}