{"id":1281,"date":"2025-09-22T23:34:11","date_gmt":"2025-09-22T21:34:11","guid":{"rendered":"https:\/\/albaneleonard.fr\/?page_id=1281"},"modified":"2025-12-11T22:17:03","modified_gmt":"2025-12-11T21:17:03","slug":"cocon-perche","status":"publish","type":"page","link":"https:\/\/albaneleonard.fr\/index.php\/cocon-perche\/","title":{"rendered":"Cocon perch\u00e9"},"content":{"rendered":"\n<h1 class=\"wp-block-heading has-text-color has-link-color wp-elements-0bcce706713c816e677ceef4bd7248e1\" style=\"color:#8a250a\">Cocon perch\u00e9<\/h1>\n\n\n\n<div style=\"height:50px\" aria-hidden=\"true\" class=\"wp-block-spacer\"><\/div>\n\n\n\n<div class=\"wp-block-columns is-layout-flex wp-container-core-columns-is-layout-9d6595d7 wp-block-columns-is-layout-flex\">\n<div class=\"wp-block-column is-layout-flow wp-block-column-is-layout-flow\">\n<div style=\"height:0px\" aria-hidden=\"true\" class=\"wp-block-spacer\"><\/div>\n\n\n\n<div class=\"wp-block-columns is-layout-flex wp-container-core-columns-is-layout-9d6595d7 wp-block-columns-is-layout-flex\">\n<div class=\"wp-block-column is-layout-flow wp-block-column-is-layout-flow\" style=\"flex-basis:100%\">\n<h5 class=\"wp-block-heading\">Projet r\u00e9alis\u00e9 en 2023 \u00e0 l&rsquo;ENSA Marseille en L2<\/h5>\n\n\n\n<p class=\"has-small-font-size\" style=\"font-style:normal;font-weight:300;letter-spacing:1px;text-transform:none\">R\u00e9alisation d\u2019un logement individuel, pour un couple:<\/p>\n\n\n\n<p class=\"has-small-font-size\" style=\"font-style:normal;font-weight:300;letter-spacing:1px;text-transform:none\">&gt;travail sur les espaces servis\/servants, sur les vides\/plein<\/p>\n\n\n\n<p class=\"has-small-font-size\" style=\"font-style:normal;font-weight:300;letter-spacing:1px;text-transform:none\">&gt;r\u00e9flexion sur l\u2019orientation du logement et sur l\u2019atmosph\u00e8re des diff\u00e9rentes pi\u00e8ces<\/p>\n\n\n\n<p class=\"has-small-font-size\" style=\"font-style:normal;font-weight:300;letter-spacing:1px;text-transform:none\">&gt;r\u00e9flexion sur un projet sans site pr\u00e9cis, mais avec des contraintes impos\u00e9es (espace habitable de 50 m\u00b2<br>sur une parcelle de 7 m par 20 m)<\/p>\n\n\n\n<p class=\"has-small-font-size\" style=\"font-style:normal;font-weight:300;letter-spacing:1px;text-transform:none\">&gt; Il \u00e9tait important pour moi de concevoir un logement lumineux, avec de nombreuses ouvertures,<br>pour garder un lien avec la nature<\/p>\n<\/div>\n<\/div>\n\n\n\n<div style=\"height:35px\" aria-hidden=\"true\" class=\"wp-block-spacer\"><\/div>\n\n\n\n<figure class=\"wp-block-image size-full\"><img loading=\"lazy\" decoding=\"async\" width=\"1440\" height=\"2560\" src=\"https:\/\/albaneleonard.fr\/wp-content\/uploads\/2025\/09\/PXL_20231018_221934457.MP_-scaled.jpg\" alt=\"\" class=\"wp-image-1371\" srcset=\"https:\/\/albaneleonard.fr\/wp-content\/uploads\/2025\/09\/PXL_20231018_221934457.MP_-scaled.jpg 1440w, https:\/\/albaneleonard.fr\/wp-content\/uploads\/2025\/09\/PXL_20231018_221934457.MP_-169x300.jpg 169w, https:\/\/albaneleonard.fr\/wp-content\/uploads\/2025\/09\/PXL_20231018_221934457.MP_-576x1024.jpg 576w, https:\/\/albaneleonard.fr\/wp-content\/uploads\/2025\/09\/PXL_20231018_221934457.MP_-768x1365.jpg 768w, https:\/\/albaneleonard.fr\/wp-content\/uploads\/2025\/09\/PXL_20231018_221934457.MP_-864x1536.jpg 864w, https:\/\/albaneleonard.fr\/wp-content\/uploads\/2025\/09\/PXL_20231018_221934457.MP_-1152x2048.jpg 1152w\" sizes=\"auto, (max-width: 1440px) 100vw, 1440px\" \/><figcaption class=\"wp-element-caption\">Maquette finale<\/figcaption><\/figure>\n\n\n\n<figure class=\"wp-block-image size-large\"><img loading=\"lazy\" decoding=\"async\" width=\"1024\" height=\"576\" src=\"https:\/\/albaneleonard.fr\/wp-content\/uploads\/2025\/09\/maquette-detouree-1024x576.png\" alt=\"\" class=\"wp-image-1373\" srcset=\"https:\/\/albaneleonard.fr\/wp-content\/uploads\/2025\/09\/maquette-detouree-1024x576.png 1024w, https:\/\/albaneleonard.fr\/wp-content\/uploads\/2025\/09\/maquette-detouree-300x169.png 300w, https:\/\/albaneleonard.fr\/wp-content\/uploads\/2025\/09\/maquette-detouree-768x432.png 768w, https:\/\/albaneleonard.fr\/wp-content\/uploads\/2025\/09\/maquette-detouree-1536x864.png 1536w, https:\/\/albaneleonard.fr\/wp-content\/uploads\/2025\/09\/maquette-detouree-2048x1152.png 2048w\" sizes=\"auto, (max-width: 1024px) 100vw, 1024px\" \/><figcaption class=\"wp-element-caption\">Photo de la maquette finale du projet<\/figcaption><\/figure>\n\n\n\n<figure class=\"wp-block-image size-large\"><img loading=\"lazy\" decoding=\"async\" width=\"576\" height=\"1024\" src=\"https:\/\/albaneleonard.fr\/wp-content\/uploads\/2025\/09\/PXL_20231020_095253049.MP_-576x1024.jpg\" alt=\"\" class=\"wp-image-1375\" srcset=\"https:\/\/albaneleonard.fr\/wp-content\/uploads\/2025\/09\/PXL_20231020_095253049.MP_-576x1024.jpg 576w, https:\/\/albaneleonard.fr\/wp-content\/uploads\/2025\/09\/PXL_20231020_095253049.MP_-169x300.jpg 169w, https:\/\/albaneleonard.fr\/wp-content\/uploads\/2025\/09\/PXL_20231020_095253049.MP_-768x1365.jpg 768w, https:\/\/albaneleonard.fr\/wp-content\/uploads\/2025\/09\/PXL_20231020_095253049.MP_-864x1536.jpg 864w, https:\/\/albaneleonard.fr\/wp-content\/uploads\/2025\/09\/PXL_20231020_095253049.MP_-1152x2048.jpg 1152w, https:\/\/albaneleonard.fr\/wp-content\/uploads\/2025\/09\/PXL_20231020_095253049.MP_-scaled.jpg 1440w\" sizes=\"auto, (max-width: 576px) 100vw, 576px\" \/><figcaption class=\"wp-element-caption\">Photo de la maquette finale du projet<\/figcaption><\/figure>\n\n\n\n<figure class=\"wp-block-image size-large\"><img loading=\"lazy\" decoding=\"async\" width=\"1024\" height=\"770\" src=\"https:\/\/albaneleonard.fr\/wp-content\/uploads\/2025\/09\/Adobe-Scan-19-oct.-2023-1_1-1024x770.jpg\" alt=\"\" class=\"wp-image-1377\" srcset=\"https:\/\/albaneleonard.fr\/wp-content\/uploads\/2025\/09\/Adobe-Scan-19-oct.-2023-1_1-1024x770.jpg 1024w, https:\/\/albaneleonard.fr\/wp-content\/uploads\/2025\/09\/Adobe-Scan-19-oct.-2023-1_1-300x226.jpg 300w, https:\/\/albaneleonard.fr\/wp-content\/uploads\/2025\/09\/Adobe-Scan-19-oct.-2023-1_1-768x578.jpg 768w, https:\/\/albaneleonard.fr\/wp-content\/uploads\/2025\/09\/Adobe-Scan-19-oct.-2023-1_1-1536x1155.jpg 1536w, https:\/\/albaneleonard.fr\/wp-content\/uploads\/2025\/09\/Adobe-Scan-19-oct.-2023-1_1-2048x1541.jpg 2048w\" sizes=\"auto, (max-width: 1024px) 100vw, 1024px\" \/><figcaption class=\"wp-element-caption\">Plan RDC et +1 du projet<\/figcaption><\/figure>\n\n\n\n<figure class=\"wp-block-image size-large\"><img loading=\"lazy\" decoding=\"async\" width=\"2150\" height=\"1700\" src=\"https:\/\/albaneleonard.fr\/wp-content\/uploads\/2025\/09\/Adobe-Scan-19-oct.-2023_1-edited.jpg\" alt=\"\" class=\"wp-image-1380\" srcset=\"https:\/\/albaneleonard.fr\/wp-content\/uploads\/2025\/09\/Adobe-Scan-19-oct.-2023_1-edited.jpg 2150w, https:\/\/albaneleonard.fr\/wp-content\/uploads\/2025\/09\/Adobe-Scan-19-oct.-2023_1-edited-300x237.jpg 300w, https:\/\/albaneleonard.fr\/wp-content\/uploads\/2025\/09\/Adobe-Scan-19-oct.-2023_1-edited-1024x810.jpg 1024w, https:\/\/albaneleonard.fr\/wp-content\/uploads\/2025\/09\/Adobe-Scan-19-oct.-2023_1-edited-768x607.jpg 768w, https:\/\/albaneleonard.fr\/wp-content\/uploads\/2025\/09\/Adobe-Scan-19-oct.-2023_1-edited-1536x1215.jpg 1536w, https:\/\/albaneleonard.fr\/wp-content\/uploads\/2025\/09\/Adobe-Scan-19-oct.-2023_1-edited-2048x1619.jpg 2048w\" sizes=\"auto, (max-width: 2150px) 100vw, 2150px\" \/><figcaption class=\"wp-element-caption\">Coupes du projet<\/figcaption><\/figure>\n\n\n\n<figure class=\"wp-block-image size-large\"><img loading=\"lazy\" decoding=\"async\" width=\"1024\" height=\"576\" src=\"https:\/\/albaneleonard.fr\/wp-content\/uploads\/2025\/09\/PXL_20231019_155224071-1024x576.jpg\" alt=\"\" class=\"wp-image-1376\" srcset=\"https:\/\/albaneleonard.fr\/wp-content\/uploads\/2025\/09\/PXL_20231019_155224071-1024x576.jpg 1024w, https:\/\/albaneleonard.fr\/wp-content\/uploads\/2025\/09\/PXL_20231019_155224071-300x169.jpg 300w, https:\/\/albaneleonard.fr\/wp-content\/uploads\/2025\/09\/PXL_20231019_155224071-768x432.jpg 768w, https:\/\/albaneleonard.fr\/wp-content\/uploads\/2025\/09\/PXL_20231019_155224071-1536x864.jpg 1536w, https:\/\/albaneleonard.fr\/wp-content\/uploads\/2025\/09\/PXL_20231019_155224071-2048x1152.jpg 2048w\" sizes=\"auto, (max-width: 1024px) 100vw, 1024px\" \/><figcaption class=\"wp-element-caption\">Maquette d&rsquo;un d\u00e9tail<\/figcaption><\/figure>\n\n\n\n<figure class=\"wp-block-image size-large\"><img loading=\"lazy\" decoding=\"async\" width=\"2161\" height=\"1700\" src=\"https:\/\/albaneleonard.fr\/wp-content\/uploads\/2025\/09\/Adobe-Scan-19-oct.-2023-5_1-edited.jpg\" alt=\"\" class=\"wp-image-1381\" srcset=\"https:\/\/albaneleonard.fr\/wp-content\/uploads\/2025\/09\/Adobe-Scan-19-oct.-2023-5_1-edited.jpg 2161w, https:\/\/albaneleonard.fr\/wp-content\/uploads\/2025\/09\/Adobe-Scan-19-oct.-2023-5_1-edited-300x236.jpg 300w, https:\/\/albaneleonard.fr\/wp-content\/uploads\/2025\/09\/Adobe-Scan-19-oct.-2023-5_1-edited-1024x806.jpg 1024w, https:\/\/albaneleonard.fr\/wp-content\/uploads\/2025\/09\/Adobe-Scan-19-oct.-2023-5_1-edited-768x604.jpg 768w, https:\/\/albaneleonard.fr\/wp-content\/uploads\/2025\/09\/Adobe-Scan-19-oct.-2023-5_1-edited-1536x1208.jpg 1536w, https:\/\/albaneleonard.fr\/wp-content\/uploads\/2025\/09\/Adobe-Scan-19-oct.-2023-5_1-edited-2048x1611.jpg 2048w\" sizes=\"auto, (max-width: 2161px) 100vw, 2161px\" \/><figcaption class=\"wp-element-caption\">G\u00e9om\u00e9tral des d\u00e9tails<\/figcaption><\/figure>\n<\/div>\n\n\n\n<div class=\"wp-block-column is-layout-flow wp-block-column-is-layout-flow\">\n<figure class=\"wp-block-image size-full\"><img loading=\"lazy\" decoding=\"async\" width=\"1440\" height=\"2560\" src=\"https:\/\/albaneleonard.fr\/wp-content\/uploads\/2025\/09\/remis-droit-scaled.png\" alt=\"\" class=\"wp-image-1370\" srcset=\"https:\/\/albaneleonard.fr\/wp-content\/uploads\/2025\/09\/remis-droit-scaled.png 1440w, https:\/\/albaneleonard.fr\/wp-content\/uploads\/2025\/09\/remis-droit-169x300.png 169w, https:\/\/albaneleonard.fr\/wp-content\/uploads\/2025\/09\/remis-droit-576x1024.png 576w, https:\/\/albaneleonard.fr\/wp-content\/uploads\/2025\/09\/remis-droit-768x1365.png 768w, https:\/\/albaneleonard.fr\/wp-content\/uploads\/2025\/09\/remis-droit-864x1536.png 864w, https:\/\/albaneleonard.fr\/wp-content\/uploads\/2025\/09\/remis-droit-1152x2048.png 1152w\" sizes=\"auto, (max-width: 1440px) 100vw, 1440px\" \/><figcaption class=\"wp-element-caption\">Photo de la maquette finale du projet<\/figcaption><\/figure>\n\n\n\n<figure class=\"wp-block-image size-large\"><img loading=\"lazy\" decoding=\"async\" width=\"576\" height=\"1024\" src=\"https:\/\/albaneleonard.fr\/wp-content\/uploads\/2025\/09\/PXL_20231018_231922373.MP_-576x1024.jpg\" alt=\"\" class=\"wp-image-1372\" srcset=\"https:\/\/albaneleonard.fr\/wp-content\/uploads\/2025\/09\/PXL_20231018_231922373.MP_-576x1024.jpg 576w, https:\/\/albaneleonard.fr\/wp-content\/uploads\/2025\/09\/PXL_20231018_231922373.MP_-169x300.jpg 169w, https:\/\/albaneleonard.fr\/wp-content\/uploads\/2025\/09\/PXL_20231018_231922373.MP_-768x1365.jpg 768w, https:\/\/albaneleonard.fr\/wp-content\/uploads\/2025\/09\/PXL_20231018_231922373.MP_-864x1536.jpg 864w, https:\/\/albaneleonard.fr\/wp-content\/uploads\/2025\/09\/PXL_20231018_231922373.MP_-1152x2048.jpg 1152w, https:\/\/albaneleonard.fr\/wp-content\/uploads\/2025\/09\/PXL_20231018_231922373.MP_-scaled.jpg 1440w\" sizes=\"auto, (max-width: 576px) 100vw, 576px\" \/><figcaption class=\"wp-element-caption\">Photo de la maquette finale du projet<\/figcaption><\/figure>\n\n\n\n<figure class=\"wp-block-image size-large\"><img loading=\"lazy\" decoding=\"async\" width=\"576\" height=\"1024\" src=\"https:\/\/albaneleonard.fr\/wp-content\/uploads\/2025\/09\/PXL_20231020_095406582.MP-1-576x1024.jpg\" alt=\"\" class=\"wp-image-1374\" srcset=\"https:\/\/albaneleonard.fr\/wp-content\/uploads\/2025\/09\/PXL_20231020_095406582.MP-1-576x1024.jpg 576w, https:\/\/albaneleonard.fr\/wp-content\/uploads\/2025\/09\/PXL_20231020_095406582.MP-1-169x300.jpg 169w, https:\/\/albaneleonard.fr\/wp-content\/uploads\/2025\/09\/PXL_20231020_095406582.MP-1-768x1365.jpg 768w, https:\/\/albaneleonard.fr\/wp-content\/uploads\/2025\/09\/PXL_20231020_095406582.MP-1-864x1536.jpg 864w, https:\/\/albaneleonard.fr\/wp-content\/uploads\/2025\/09\/PXL_20231020_095406582.MP-1-1152x2048.jpg 1152w, https:\/\/albaneleonard.fr\/wp-content\/uploads\/2025\/09\/PXL_20231020_095406582.MP-1-scaled.jpg 1440w\" sizes=\"auto, (max-width: 576px) 100vw, 576px\" \/><figcaption class=\"wp-element-caption\">Photo de la maquette finale du projet<\/figcaption><\/figure>\n\n\n\n<figure class=\"wp-block-video\"><video height=\"1260\" style=\"aspect-ratio: 1080 \/ 1260;\" width=\"1080\" autoplay controls loop muted src=\"https:\/\/albaneleonard.fr\/wp-content\/uploads\/2025\/09\/YouCut_20250922_232842054.mp4\"><\/video><figcaption class=\"wp-element-caption\">Montage de la maquette de d\u00e9tails<\/figcaption><\/figure>\n\n\n\n<figure class=\"wp-block-image size-large\"><img loading=\"lazy\" decoding=\"async\" width=\"576\" height=\"1024\" src=\"https:\/\/albaneleonard.fr\/wp-content\/uploads\/2025\/09\/PXL_20231019_094809823.MP_-576x1024.jpg\" alt=\"\" class=\"wp-image-1384\" srcset=\"https:\/\/albaneleonard.fr\/wp-content\/uploads\/2025\/09\/PXL_20231019_094809823.MP_-576x1024.jpg 576w, https:\/\/albaneleonard.fr\/wp-content\/uploads\/2025\/09\/PXL_20231019_094809823.MP_-169x300.jpg 169w, https:\/\/albaneleonard.fr\/wp-content\/uploads\/2025\/09\/PXL_20231019_094809823.MP_-768x1365.jpg 768w, https:\/\/albaneleonard.fr\/wp-content\/uploads\/2025\/09\/PXL_20231019_094809823.MP_-864x1536.jpg 864w, https:\/\/albaneleonard.fr\/wp-content\/uploads\/2025\/09\/PXL_20231019_094809823.MP_-1152x2048.jpg 1152w, https:\/\/albaneleonard.fr\/wp-content\/uploads\/2025\/09\/PXL_20231019_094809823.MP_-scaled.jpg 1440w\" sizes=\"auto, (max-width: 576px) 100vw, 576px\" \/><figcaption class=\"wp-element-caption\">Photo de la maquette finale du projet<\/figcaption><\/figure>\n<\/div>\n<\/div>\n","protected":false},"excerpt":{"rendered":"<p>Cocon perch\u00e9 Projet r\u00e9alis\u00e9 en 2023 \u00e0 l&rsquo;ENSA Marseille en L2 R\u00e9alisation d\u2019un [&hellip;]<\/p>\n","protected":false},"author":1,"featured_media":0,"parent":0,"menu_order":0,"comment_status":"closed","ping_status":"closed","template":"","meta":{"footnotes":""},"class_list":["post-1281","page","type-page","status-publish","hentry"],"_links":{"self":[{"href":"https:\/\/albaneleonard.fr\/index.php\/wp-json\/wp\/v2\/pages\/1281","targetHints":{"allow":["GET"]}}],"collection":[{"href":"https:\/\/albaneleonard.fr\/index.php\/wp-json\/wp\/v2\/pages"}],"about":[{"href":"https:\/\/albaneleonard.fr\/index.php\/wp-json\/wp\/v2\/types\/page"}],"author":[{"embeddable":true,"href":"https:\/\/albaneleonard.fr\/index.php\/wp-json\/wp\/v2\/users\/1"}],"replies":[{"embeddable":true,"href":"https:\/\/albaneleonard.fr\/index.php\/wp-json\/wp\/v2\/comments?post=1281"}],"version-history":[{"count":2,"href":"https:\/\/albaneleonard.fr\/index.php\/wp-json\/wp\/v2\/pages\/1281\/revisions"}],"predecessor-version":[{"id":2048,"href":"https:\/\/albaneleonard.fr\/index.php\/wp-json\/wp\/v2\/pages\/1281\/revisions\/2048"}],"wp:attachment":[{"href":"https:\/\/albaneleonard.fr\/index.php\/wp-json\/wp\/v2\/media?parent=1281"}],"curies":[{"name":"wp","href":"https:\/\/api.w.org\/{rel}","templated":true}]}}