{"id":1282,"date":"2025-09-22T23:43:14","date_gmt":"2025-09-22T21:43:14","guid":{"rendered":"https:\/\/albaneleonard.fr\/?page_id=1282"},"modified":"2025-12-11T22:18:00","modified_gmt":"2025-12-11T21:18:00","slug":"le-repos-des-tuiles","status":"publish","type":"page","link":"https:\/\/albaneleonard.fr\/index.php\/le-repos-des-tuiles\/","title":{"rendered":"Le repos des tuiles"},"content":{"rendered":"\n<h1 class=\"wp-block-heading has-text-color has-link-color wp-elements-f3fbf9fb461eabcfbf28f6d4618c61ac\" style=\"color:#8a250a\">Le repos des tuiles<\/h1>\n\n\n\n<div style=\"height:50px\" aria-hidden=\"true\" class=\"wp-block-spacer\"><\/div>\n\n\n\n<div class=\"wp-block-columns is-layout-flex wp-container-core-columns-is-layout-9d6595d7 wp-block-columns-is-layout-flex\">\n<div class=\"wp-block-column is-layout-flow wp-block-column-is-layout-flow\">\n<div style=\"height:0px\" aria-hidden=\"true\" class=\"wp-block-spacer\"><\/div>\n\n\n\n<div class=\"wp-block-columns is-layout-flex wp-container-core-columns-is-layout-9d6595d7 wp-block-columns-is-layout-flex\">\n<div class=\"wp-block-column is-layout-flow wp-block-column-is-layout-flow\" style=\"flex-basis:100%\">\n<h5 class=\"wp-block-heading\">Workshop effectu\u00e9 en 2024 &#8211; DN Made Espace en L2<\/h5>\n\n\n\n<p class=\"has-small-font-size\" style=\"font-style:normal;font-weight:300;letter-spacing:1px;text-transform:none\">Participation \u00e0 un workshop de r\u00e9emploi du mat\u00e9riau tuile pour le projet de renouvellement urbain du site ACI \u00e0 Lyon :<\/p>\n\n\n\n<p class=\"has-small-font-size\" style=\"font-style:normal;font-weight:300;letter-spacing:1px;text-transform:none\">>travail en groupe sur du mobilier \u00e0 partir de tuiles. Notre choix final s\u2019est port\u00e9 sur la r\u00e9alisation d\u2019un muret compos\u00e9 d\u2019assises et de jardini\u00e8res. <\/p>\n\n\n\n<p class=\"has-small-font-size\" style=\"font-style:normal;font-weight:300;letter-spacing:1px;text-transform:none\">>r\u00e9flexion sur les diff\u00e9rents motifs qu\u2019amenait la tuile afin de cr\u00e9er un rythme au muret.<\/p>\n\n\n\n<p class=\"has-small-font-size\" style=\"font-style:normal;font-weight:300;letter-spacing:1px;text-transform:none\">>r\u00e9alisation \u00e0 \u00e9chelle 1 du muret en tuile = confrontation avec les limites structurelles du mat\u00e9riau.<\/p>\n\n\n\n<p class=\"has-small-font-size\" style=\"font-style:normal;font-weight:300;letter-spacing:1px;text-transform:none\">> Il \u00e9tait important pour nous de cr\u00e9er des espaces de verdure pour amener une biodiversit\u00e9 au lieu<br>ainsi que d\u2019int\u00e9grer des assises afin d\u2019amener des usages diff\u00e9rents.<\/p>\n<\/div>\n<\/div>\n\n\n\n<div style=\"height:35px\" aria-hidden=\"true\" class=\"wp-block-spacer\"><\/div>\n\n\n\n<figure class=\"wp-block-image size-full\"><img loading=\"lazy\" decoding=\"async\" width=\"1920\" height=\"2560\" src=\"https:\/\/albaneleonard.fr\/wp-content\/uploads\/2025\/09\/essai-muret-edited-scaled.png\" alt=\"\" class=\"wp-image-1396\" srcset=\"https:\/\/albaneleonard.fr\/wp-content\/uploads\/2025\/09\/essai-muret-edited-scaled.png 1920w, https:\/\/albaneleonard.fr\/wp-content\/uploads\/2025\/09\/essai-muret-edited-225x300.png 225w, https:\/\/albaneleonard.fr\/wp-content\/uploads\/2025\/09\/essai-muret-edited-768x1024.png 768w, https:\/\/albaneleonard.fr\/wp-content\/uploads\/2025\/09\/essai-muret-edited-1152x1536.png 1152w, https:\/\/albaneleonard.fr\/wp-content\/uploads\/2025\/09\/essai-muret-edited-1536x2048.png 1536w\" sizes=\"auto, (max-width: 1920px) 100vw, 1920px\" \/><figcaption class=\"wp-element-caption\">Essais constructif<\/figcaption><\/figure>\n\n\n\n<figure class=\"wp-block-image size-large\"><img loading=\"lazy\" decoding=\"async\" width=\"769\" height=\"1024\" src=\"https:\/\/albaneleonard.fr\/wp-content\/uploads\/2025\/09\/IMG_20240125_120544_020-769x1024.jpg\" alt=\"\" class=\"wp-image-1392\" srcset=\"https:\/\/albaneleonard.fr\/wp-content\/uploads\/2025\/09\/IMG_20240125_120544_020-769x1024.jpg 769w, https:\/\/albaneleonard.fr\/wp-content\/uploads\/2025\/09\/IMG_20240125_120544_020-225x300.jpg 225w, https:\/\/albaneleonard.fr\/wp-content\/uploads\/2025\/09\/IMG_20240125_120544_020-768x1022.jpg 768w, https:\/\/albaneleonard.fr\/wp-content\/uploads\/2025\/09\/IMG_20240125_120544_020.jpg 843w\" sizes=\"auto, (max-width: 769px) 100vw, 769px\" \/><figcaption class=\"wp-element-caption\">Panneau explicatif pour la pr\u00e9sentation <\/figcaption><\/figure>\n\n\n\n<figure class=\"wp-block-image size-large\"><img loading=\"lazy\" decoding=\"async\" width=\"1024\" height=\"576\" src=\"https:\/\/albaneleonard.fr\/wp-content\/uploads\/2025\/09\/PXL_20240117_154716410.MP_-1024x576.jpg\" alt=\"\" class=\"wp-image-1395\" srcset=\"https:\/\/albaneleonard.fr\/wp-content\/uploads\/2025\/09\/PXL_20240117_154716410.MP_-1024x576.jpg 1024w, https:\/\/albaneleonard.fr\/wp-content\/uploads\/2025\/09\/PXL_20240117_154716410.MP_-300x169.jpg 300w, https:\/\/albaneleonard.fr\/wp-content\/uploads\/2025\/09\/PXL_20240117_154716410.MP_-768x432.jpg 768w, https:\/\/albaneleonard.fr\/wp-content\/uploads\/2025\/09\/PXL_20240117_154716410.MP_-1536x864.jpg 1536w, https:\/\/albaneleonard.fr\/wp-content\/uploads\/2025\/09\/PXL_20240117_154716410.MP_-2048x1152.jpg 2048w\" sizes=\"auto, (max-width: 1024px) 100vw, 1024px\" \/><figcaption class=\"wp-element-caption\">Assise finale<\/figcaption><\/figure>\n<\/div>\n\n\n\n<div class=\"wp-block-column is-layout-flow wp-block-column-is-layout-flow\">\n<figure class=\"wp-block-image size-full\"><img loading=\"lazy\" decoding=\"async\" width=\"1698\" height=\"1698\" src=\"https:\/\/albaneleonard.fr\/wp-content\/uploads\/2025\/09\/croquis-edited.png\" alt=\"\" class=\"wp-image-1399\" srcset=\"https:\/\/albaneleonard.fr\/wp-content\/uploads\/2025\/09\/croquis-edited.png 1698w, https:\/\/albaneleonard.fr\/wp-content\/uploads\/2025\/09\/croquis-edited-300x300.png 300w, https:\/\/albaneleonard.fr\/wp-content\/uploads\/2025\/09\/croquis-edited-1024x1024.png 1024w, https:\/\/albaneleonard.fr\/wp-content\/uploads\/2025\/09\/croquis-edited-150x150.png 150w, https:\/\/albaneleonard.fr\/wp-content\/uploads\/2025\/09\/croquis-edited-768x768.png 768w, https:\/\/albaneleonard.fr\/wp-content\/uploads\/2025\/09\/croquis-edited-1536x1536.png 1536w\" sizes=\"auto, (max-width: 1698px) 100vw, 1698px\" \/><figcaption class=\"wp-element-caption\">Croquis d&rsquo;intentions<\/figcaption><\/figure>\n\n\n\n<figure class=\"wp-block-image size-large\"><img loading=\"lazy\" decoding=\"async\" width=\"769\" height=\"1024\" src=\"https:\/\/albaneleonard.fr\/wp-content\/uploads\/2025\/09\/IMG_20240125_114548_443-769x1024.jpg\" alt=\"\" class=\"wp-image-1389\" srcset=\"https:\/\/albaneleonard.fr\/wp-content\/uploads\/2025\/09\/IMG_20240125_114548_443-769x1024.jpg 769w, https:\/\/albaneleonard.fr\/wp-content\/uploads\/2025\/09\/IMG_20240125_114548_443-225x300.jpg 225w, https:\/\/albaneleonard.fr\/wp-content\/uploads\/2025\/09\/IMG_20240125_114548_443-768x1022.jpg 768w, https:\/\/albaneleonard.fr\/wp-content\/uploads\/2025\/09\/IMG_20240125_114548_443.jpg 843w\" sizes=\"auto, (max-width: 769px) 100vw, 769px\" \/><figcaption class=\"wp-element-caption\">Essai d&rsquo;assise \u00e0 \u00e9chelle 1<\/figcaption><\/figure>\n\n\n\n<figure class=\"wp-block-image size-large\"><img loading=\"lazy\" decoding=\"async\" width=\"1024\" height=\"770\" src=\"https:\/\/albaneleonard.fr\/wp-content\/uploads\/2025\/09\/IMG_20240125_114648_945-1024x770.jpg\" alt=\"\" class=\"wp-image-1391\" srcset=\"https:\/\/albaneleonard.fr\/wp-content\/uploads\/2025\/09\/IMG_20240125_114648_945-1024x770.jpg 1024w, https:\/\/albaneleonard.fr\/wp-content\/uploads\/2025\/09\/IMG_20240125_114648_945-300x226.jpg 300w, https:\/\/albaneleonard.fr\/wp-content\/uploads\/2025\/09\/IMG_20240125_114648_945-768x577.jpg 768w, https:\/\/albaneleonard.fr\/wp-content\/uploads\/2025\/09\/IMG_20240125_114648_945.jpg 1080w\" sizes=\"auto, (max-width: 1024px) 100vw, 1024px\" \/><figcaption class=\"wp-element-caption\">Travail sur le motif<\/figcaption><\/figure>\n\n\n\n<figure class=\"wp-block-image size-large\"><img loading=\"lazy\" decoding=\"async\" width=\"1204\" height=\"1204\" src=\"https:\/\/albaneleonard.fr\/wp-content\/uploads\/2025\/09\/muret-edited.png\" alt=\"\" class=\"wp-image-1398\" srcset=\"https:\/\/albaneleonard.fr\/wp-content\/uploads\/2025\/09\/muret-edited.png 1204w, https:\/\/albaneleonard.fr\/wp-content\/uploads\/2025\/09\/muret-edited-300x300.png 300w, https:\/\/albaneleonard.fr\/wp-content\/uploads\/2025\/09\/muret-edited-1024x1024.png 1024w, https:\/\/albaneleonard.fr\/wp-content\/uploads\/2025\/09\/muret-edited-150x150.png 150w, https:\/\/albaneleonard.fr\/wp-content\/uploads\/2025\/09\/muret-edited-768x768.png 768w\" sizes=\"auto, (max-width: 1204px) 100vw, 1204px\" \/><figcaption class=\"wp-element-caption\">Assise finale<\/figcaption><\/figure>\n\n\n\n<figure class=\"wp-block-image size-large\"><img loading=\"lazy\" decoding=\"async\" width=\"1024\" height=\"576\" src=\"https:\/\/albaneleonard.fr\/wp-content\/uploads\/2025\/09\/PXL_20240118_143149489-1024x576.jpg\" alt=\"\" class=\"wp-image-1394\" srcset=\"https:\/\/albaneleonard.fr\/wp-content\/uploads\/2025\/09\/PXL_20240118_143149489-1024x576.jpg 1024w, https:\/\/albaneleonard.fr\/wp-content\/uploads\/2025\/09\/PXL_20240118_143149489-300x169.jpg 300w, https:\/\/albaneleonard.fr\/wp-content\/uploads\/2025\/09\/PXL_20240118_143149489-768x432.jpg 768w, https:\/\/albaneleonard.fr\/wp-content\/uploads\/2025\/09\/PXL_20240118_143149489-1536x864.jpg 1536w, https:\/\/albaneleonard.fr\/wp-content\/uploads\/2025\/09\/PXL_20240118_143149489-2048x1152.jpg 2048w\" sizes=\"auto, (max-width: 1024px) 100vw, 1024px\" \/><figcaption class=\"wp-element-caption\">Assise finale <\/figcaption><\/figure>\n<\/div>\n<\/div>\n","protected":false},"excerpt":{"rendered":"<p>Le repos des tuiles Workshop effectu\u00e9 en 2024 &#8211; DN Made Espace en [&hellip;]<\/p>\n","protected":false},"author":1,"featured_media":0,"parent":0,"menu_order":0,"comment_status":"closed","ping_status":"closed","template":"","meta":{"footnotes":""},"class_list":["post-1282","page","type-page","status-publish","hentry"],"_links":{"self":[{"href":"https:\/\/albaneleonard.fr\/index.php\/wp-json\/wp\/v2\/pages\/1282","targetHints":{"allow":["GET"]}}],"collection":[{"href":"https:\/\/albaneleonard.fr\/index.php\/wp-json\/wp\/v2\/pages"}],"about":[{"href":"https:\/\/albaneleonard.fr\/index.php\/wp-json\/wp\/v2\/types\/page"}],"author":[{"embeddable":true,"href":"https:\/\/albaneleonard.fr\/index.php\/wp-json\/wp\/v2\/users\/1"}],"replies":[{"embeddable":true,"href":"https:\/\/albaneleonard.fr\/index.php\/wp-json\/wp\/v2\/comments?post=1282"}],"version-history":[{"count":1,"href":"https:\/\/albaneleonard.fr\/index.php\/wp-json\/wp\/v2\/pages\/1282\/revisions"}],"predecessor-version":[{"id":1400,"href":"https:\/\/albaneleonard.fr\/index.php\/wp-json\/wp\/v2\/pages\/1282\/revisions\/1400"}],"wp:attachment":[{"href":"https:\/\/albaneleonard.fr\/index.php\/wp-json\/wp\/v2\/media?parent=1282"}],"curies":[{"name":"wp","href":"https:\/\/api.w.org\/{rel}","templated":true}]}}