{"id":1536,"date":"2025-09-24T15:08:26","date_gmt":"2025-09-24T13:08:26","guid":{"rendered":"https:\/\/albaneleonard.fr\/?page_id=1536"},"modified":"2025-12-11T22:17:45","modified_gmt":"2025-12-11T21:17:45","slug":"juju-festival","status":"publish","type":"page","link":"https:\/\/albaneleonard.fr\/index.php\/juju-festival\/","title":{"rendered":"Juju Festival"},"content":{"rendered":"\n<h1 class=\"wp-block-heading has-text-color has-link-color wp-elements-ee1b47b1cdb68cad85f639e4a7d1713d\" style=\"color:#8a250a\">JUJU FESTIVAL<\/h1>\n\n\n\n<div style=\"height:50px\" aria-hidden=\"true\" class=\"wp-block-spacer\"><\/div>\n\n\n\n<div class=\"wp-block-columns is-layout-flex wp-container-core-columns-is-layout-9d6595d7 wp-block-columns-is-layout-flex\">\n<div class=\"wp-block-column is-layout-flow wp-block-column-is-layout-flow\">\n<div style=\"height:0px\" aria-hidden=\"true\" class=\"wp-block-spacer\"><\/div>\n\n\n\n<div class=\"wp-block-columns is-layout-flex wp-container-core-columns-is-layout-9d6595d7 wp-block-columns-is-layout-flex\">\n<div class=\"wp-block-column is-layout-flow wp-block-column-is-layout-flow\" style=\"flex-basis:100%\">\n<h5 class=\"wp-block-heading\">B\u00e9n\u00e9volat en technique pour le Juju Festival<\/h5>\n\n\n\n<p class=\"has-small-font-size\" style=\"font-style:normal;font-weight:300;letter-spacing:1px;text-transform:none\">En octobre 2024, j\u2019ai eu l\u2019occasion de r\u00e9aliser une mission b\u00e9n\u00e9vole pour la premi\u00e8re \u00e9dition du Juju Festival, implant\u00e9 \u00e0 Sennecey-le-Grand, pr\u00e8s de M\u00e2con. Durant cette exp\u00e9rience, j\u2019ai pu d\u00e9couvrir davantage le monde de la technique en apportant mon aide \u00e0 la lumi\u00e8re, au plateau, en participant au d\u00e9montage du festival et en assurant l\u2019accueil des artistes.<\/p>\n\n\n\n<p class=\"has-small-font-size\" style=\"font-style:normal;font-weight:300;letter-spacing:1px;text-transform:none\">J\u2019appr\u00e9cie particuli\u00e8rement de m\u2019impliquer dans ce type de petits festivals, qui me permettent de contribuer \u00e0 mon \u00e9chelle au d\u00e9veloppement de la culture. C\u2019est aussi une chance d\u2019apprendre aux c\u00f4t\u00e9s de personnes passionn\u00e9es et motiv\u00e9es.<\/p>\n\n\n\n<div style=\"height:35px\" aria-hidden=\"true\" class=\"wp-block-spacer\"><\/div>\n<\/div>\n<\/div>\n\n\n\n<figure class=\"wp-block-image size-large\"><img loading=\"lazy\" decoding=\"async\" width=\"1024\" height=\"768\" src=\"https:\/\/albaneleonard.fr\/wp-content\/uploads\/2025\/09\/546713308_685524953837678_8756495200780449078_n-1024x768.jpg\" alt=\"\" class=\"wp-image-1541\" srcset=\"https:\/\/albaneleonard.fr\/wp-content\/uploads\/2025\/09\/546713308_685524953837678_8756495200780449078_n-1024x768.jpg 1024w, https:\/\/albaneleonard.fr\/wp-content\/uploads\/2025\/09\/546713308_685524953837678_8756495200780449078_n-300x225.jpg 300w, https:\/\/albaneleonard.fr\/wp-content\/uploads\/2025\/09\/546713308_685524953837678_8756495200780449078_n-768x576.jpg 768w, https:\/\/albaneleonard.fr\/wp-content\/uploads\/2025\/09\/546713308_685524953837678_8756495200780449078_n.jpg 1125w\" sizes=\"auto, (max-width: 1024px) 100vw, 1024px\" \/><figcaption class=\"wp-element-caption\">Photo d&rsquo;un des spectacles<\/figcaption><\/figure>\n\n\n\n<figure class=\"wp-block-image size-large\"><img loading=\"lazy\" decoding=\"async\" width=\"1024\" height=\"768\" src=\"https:\/\/albaneleonard.fr\/wp-content\/uploads\/2025\/09\/546417939_1960418061166553_5590958181325876894_n-1024x768.jpg\" alt=\"\" class=\"wp-image-1543\" srcset=\"https:\/\/albaneleonard.fr\/wp-content\/uploads\/2025\/09\/546417939_1960418061166553_5590958181325876894_n-1024x768.jpg 1024w, https:\/\/albaneleonard.fr\/wp-content\/uploads\/2025\/09\/546417939_1960418061166553_5590958181325876894_n-300x225.jpg 300w, https:\/\/albaneleonard.fr\/wp-content\/uploads\/2025\/09\/546417939_1960418061166553_5590958181325876894_n-768x576.jpg 768w, https:\/\/albaneleonard.fr\/wp-content\/uploads\/2025\/09\/546417939_1960418061166553_5590958181325876894_n.jpg 1125w\" sizes=\"auto, (max-width: 1024px) 100vw, 1024px\" \/><figcaption class=\"wp-element-caption\">D\u00e9montage des ponts<\/figcaption><\/figure>\n\n\n\n<figure class=\"wp-block-image size-large\"><img loading=\"lazy\" decoding=\"async\" width=\"1024\" height=\"768\" src=\"https:\/\/albaneleonard.fr\/wp-content\/uploads\/2025\/09\/546061767_1463508604893705_8103483264557609857_n-1024x768.jpg\" alt=\"\" class=\"wp-image-1545\" srcset=\"https:\/\/albaneleonard.fr\/wp-content\/uploads\/2025\/09\/546061767_1463508604893705_8103483264557609857_n-1024x768.jpg 1024w, https:\/\/albaneleonard.fr\/wp-content\/uploads\/2025\/09\/546061767_1463508604893705_8103483264557609857_n-300x225.jpg 300w, https:\/\/albaneleonard.fr\/wp-content\/uploads\/2025\/09\/546061767_1463508604893705_8103483264557609857_n-768x576.jpg 768w, https:\/\/albaneleonard.fr\/wp-content\/uploads\/2025\/09\/546061767_1463508604893705_8103483264557609857_n.jpg 1125w\" sizes=\"auto, (max-width: 1024px) 100vw, 1024px\" \/><figcaption class=\"wp-element-caption\">Photo durant les r\u00e9glages lumi\u00e8re<\/figcaption><\/figure>\n\n\n\n<figure class=\"wp-block-image size-large\"><img loading=\"lazy\" decoding=\"async\" width=\"769\" height=\"1024\" src=\"https:\/\/albaneleonard.fr\/wp-content\/uploads\/2025\/09\/543745587_25259914156928830_3919953140834624507_n-769x1024.jpg\" alt=\"\" class=\"wp-image-1547\" srcset=\"https:\/\/albaneleonard.fr\/wp-content\/uploads\/2025\/09\/543745587_25259914156928830_3919953140834624507_n-769x1024.jpg 769w, https:\/\/albaneleonard.fr\/wp-content\/uploads\/2025\/09\/543745587_25259914156928830_3919953140834624507_n-225x300.jpg 225w, https:\/\/albaneleonard.fr\/wp-content\/uploads\/2025\/09\/543745587_25259914156928830_3919953140834624507_n-768x1023.jpg 768w, https:\/\/albaneleonard.fr\/wp-content\/uploads\/2025\/09\/543745587_25259914156928830_3919953140834624507_n.jpg 1126w\" sizes=\"auto, (max-width: 769px) 100vw, 769px\" \/><figcaption class=\"wp-element-caption\">Photo d&rsquo;un des spectacles<\/figcaption><\/figure>\n<\/div>\n\n\n\n<div class=\"wp-block-column is-layout-flow wp-block-column-is-layout-flow\">\n<figure class=\"wp-block-image size-large\"><img loading=\"lazy\" decoding=\"async\" width=\"769\" height=\"1024\" src=\"https:\/\/albaneleonard.fr\/wp-content\/uploads\/2025\/09\/543714470_741582182214404_5526076620121147874_n-769x1024.jpg\" alt=\"\" class=\"wp-image-1540\" srcset=\"https:\/\/albaneleonard.fr\/wp-content\/uploads\/2025\/09\/543714470_741582182214404_5526076620121147874_n-769x1024.jpg 769w, https:\/\/albaneleonard.fr\/wp-content\/uploads\/2025\/09\/543714470_741582182214404_5526076620121147874_n-225x300.jpg 225w, https:\/\/albaneleonard.fr\/wp-content\/uploads\/2025\/09\/543714470_741582182214404_5526076620121147874_n-768x1023.jpg 768w, https:\/\/albaneleonard.fr\/wp-content\/uploads\/2025\/09\/543714470_741582182214404_5526076620121147874_n.jpg 1126w\" sizes=\"auto, (max-width: 769px) 100vw, 769px\" \/><figcaption class=\"wp-element-caption\">Installation des loges<\/figcaption><\/figure>\n\n\n\n<figure class=\"wp-block-image size-large\"><img loading=\"lazy\" decoding=\"async\" width=\"1024\" height=\"768\" src=\"https:\/\/albaneleonard.fr\/wp-content\/uploads\/2025\/09\/545586162_1963414077789614_8853969370617245900_n-1024x768.jpg\" alt=\"\" class=\"wp-image-1542\" srcset=\"https:\/\/albaneleonard.fr\/wp-content\/uploads\/2025\/09\/545586162_1963414077789614_8853969370617245900_n-1024x768.jpg 1024w, https:\/\/albaneleonard.fr\/wp-content\/uploads\/2025\/09\/545586162_1963414077789614_8853969370617245900_n-300x225.jpg 300w, https:\/\/albaneleonard.fr\/wp-content\/uploads\/2025\/09\/545586162_1963414077789614_8853969370617245900_n-768x576.jpg 768w, https:\/\/albaneleonard.fr\/wp-content\/uploads\/2025\/09\/545586162_1963414077789614_8853969370617245900_n.jpg 1125w\" sizes=\"auto, (max-width: 1024px) 100vw, 1024px\" \/><figcaption class=\"wp-element-caption\">D\u00e9montage de la sc\u00e8ne<\/figcaption><\/figure>\n\n\n\n<figure class=\"wp-block-image size-large\"><img loading=\"lazy\" decoding=\"async\" width=\"1024\" height=\"768\" src=\"https:\/\/albaneleonard.fr\/wp-content\/uploads\/2025\/09\/543751047_655704220458811_9186658529313901420_n-1024x768.jpg\" alt=\"\" class=\"wp-image-1544\" srcset=\"https:\/\/albaneleonard.fr\/wp-content\/uploads\/2025\/09\/543751047_655704220458811_9186658529313901420_n-1024x768.jpg 1024w, https:\/\/albaneleonard.fr\/wp-content\/uploads\/2025\/09\/543751047_655704220458811_9186658529313901420_n-300x225.jpg 300w, https:\/\/albaneleonard.fr\/wp-content\/uploads\/2025\/09\/543751047_655704220458811_9186658529313901420_n-768x576.jpg 768w, https:\/\/albaneleonard.fr\/wp-content\/uploads\/2025\/09\/543751047_655704220458811_9186658529313901420_n.jpg 1125w\" sizes=\"auto, (max-width: 1024px) 100vw, 1024px\" \/><figcaption class=\"wp-element-caption\">Photo durant les r\u00e9glages lumi\u00e8re<\/figcaption><\/figure>\n\n\n\n<figure class=\"wp-block-image size-large\"><img loading=\"lazy\" decoding=\"async\" width=\"1024\" height=\"768\" src=\"https:\/\/albaneleonard.fr\/wp-content\/uploads\/2025\/09\/546478434_2729345167255981_5406273104109100206_n-1024x768.jpg\" alt=\"\" class=\"wp-image-1546\" srcset=\"https:\/\/albaneleonard.fr\/wp-content\/uploads\/2025\/09\/546478434_2729345167255981_5406273104109100206_n-1024x768.jpg 1024w, https:\/\/albaneleonard.fr\/wp-content\/uploads\/2025\/09\/546478434_2729345167255981_5406273104109100206_n-300x225.jpg 300w, https:\/\/albaneleonard.fr\/wp-content\/uploads\/2025\/09\/546478434_2729345167255981_5406273104109100206_n-768x576.jpg 768w, https:\/\/albaneleonard.fr\/wp-content\/uploads\/2025\/09\/546478434_2729345167255981_5406273104109100206_n.jpg 1125w\" sizes=\"auto, (max-width: 1024px) 100vw, 1024px\" \/><figcaption class=\"wp-element-caption\">Photo de la r\u00e9gie<\/figcaption><\/figure>\n\n\n\n<figure class=\"wp-block-image size-large\"><img loading=\"lazy\" decoding=\"async\" width=\"769\" height=\"1024\" src=\"https:\/\/albaneleonard.fr\/wp-content\/uploads\/2025\/09\/546474709_1335063501283709_3533339568018305934_n-769x1024.jpg\" alt=\"\" class=\"wp-image-1548\" srcset=\"https:\/\/albaneleonard.fr\/wp-content\/uploads\/2025\/09\/546474709_1335063501283709_3533339568018305934_n-769x1024.jpg 769w, https:\/\/albaneleonard.fr\/wp-content\/uploads\/2025\/09\/546474709_1335063501283709_3533339568018305934_n-225x300.jpg 225w, https:\/\/albaneleonard.fr\/wp-content\/uploads\/2025\/09\/546474709_1335063501283709_3533339568018305934_n-768x1023.jpg 768w, https:\/\/albaneleonard.fr\/wp-content\/uploads\/2025\/09\/546474709_1335063501283709_3533339568018305934_n.jpg 1126w\" sizes=\"auto, (max-width: 769px) 100vw, 769px\" \/><figcaption class=\"wp-element-caption\">Installation de la signal\u00e9tique des coulisses<\/figcaption><\/figure>\n<\/div>\n<\/div>\n","protected":false},"excerpt":{"rendered":"<p>JUJU FESTIVAL B\u00e9n\u00e9volat en technique pour le Juju Festival En octobre 2024, j\u2019ai [&hellip;]<\/p>\n","protected":false},"author":1,"featured_media":0,"parent":0,"menu_order":0,"comment_status":"closed","ping_status":"closed","template":"","meta":{"footnotes":""},"class_list":["post-1536","page","type-page","status-publish","hentry"],"_links":{"self":[{"href":"https:\/\/albaneleonard.fr\/index.php\/wp-json\/wp\/v2\/pages\/1536","targetHints":{"allow":["GET"]}}],"collection":[{"href":"https:\/\/albaneleonard.fr\/index.php\/wp-json\/wp\/v2\/pages"}],"about":[{"href":"https:\/\/albaneleonard.fr\/index.php\/wp-json\/wp\/v2\/types\/page"}],"author":[{"embeddable":true,"href":"https:\/\/albaneleonard.fr\/index.php\/wp-json\/wp\/v2\/users\/1"}],"replies":[{"embeddable":true,"href":"https:\/\/albaneleonard.fr\/index.php\/wp-json\/wp\/v2\/comments?post=1536"}],"version-history":[{"count":2,"href":"https:\/\/albaneleonard.fr\/index.php\/wp-json\/wp\/v2\/pages\/1536\/revisions"}],"predecessor-version":[{"id":1991,"href":"https:\/\/albaneleonard.fr\/index.php\/wp-json\/wp\/v2\/pages\/1536\/revisions\/1991"}],"wp:attachment":[{"href":"https:\/\/albaneleonard.fr\/index.php\/wp-json\/wp\/v2\/media?parent=1536"}],"curies":[{"name":"wp","href":"https:\/\/api.w.org\/{rel}","templated":true}]}}