{"id":967,"date":"2025-09-20T13:53:23","date_gmt":"2025-09-20T11:53:23","guid":{"rendered":"https:\/\/albaneleonard.fr\/?page_id=967"},"modified":"2025-12-11T22:17:20","modified_gmt":"2025-12-11T21:17:20","slug":"dessin","status":"publish","type":"page","link":"https:\/\/albaneleonard.fr\/index.php\/dessin\/","title":{"rendered":"Dessin"},"content":{"rendered":"\n<h1 class=\"wp-block-heading has-text-color has-link-color wp-elements-6795e1448868aab1d99abeaffb884fec\" style=\"color:#8a250a\">Dessin<\/h1>\n\n\n\n<div style=\"height:50px\" aria-hidden=\"true\" class=\"wp-block-spacer\"><\/div>\n\n\n\n<details class=\"wp-block-details is-layout-flow wp-block-details-is-layout-flow\"><summary><strong><em>\u00ab Je dessine des fleurs tous les jours et je les envoie \u00e0 mes amis pour qu&rsquo;ils aient des fleurs fra\u00eeches tous les matins. \u00bb<\/em> \u2014 David Hockney<\/strong> \u25be<\/summary>\n<div style=\"height:16px\" aria-hidden=\"true\" class=\"wp-block-spacer\"><\/div>\n\n\n\n<p>Le dessin a toujours \u00e9t\u00e9 pour moi une pratique ambivalente, entre attirance et rejet. Longtemps, je l\u2019ai d\u00e9test\u00e9 pour sa difficult\u00e9 : mes traits me semblaient toujours imparfaits, mes id\u00e9es restaient coinc\u00e9es dans ma t\u00eate sans jamais vraiment prendre forme sur le papier. Mais peu \u00e0 peu, j\u2019ai appris \u00e0 l\u00e2cher prise, \u00e0 d\u00e9passer les codes et l\u2019exigence de perfection. J\u2019ai alors d\u00e9couvert un vrai plaisir dans le geste cr\u00e9atif, dans cette transformation presque magique d\u2019une simple feuille blanche en une image qui raconte quelque chose.<\/p>\n\n\n\n<p>Aujourd\u2019hui, c\u2019est surtout \u00e0 travers le dessin num\u00e9rique que je m\u2019exprime, une pratique qui me correspond davantage. Je prends surtout plaisir \u00e0 dessiner lorsque cela s\u2019inscrit dans une intention pr\u00e9cise : cr\u00e9er une affiche, enrichir un projet, ou encore offrir une illustration \u00e0 quelqu\u2019un. Le dessin devient alors plus qu\u2019un simple exercice : il prend tout son sens dans le partage.<\/p>\n<\/details>\n\n\n\n<div style=\"height:50px\" aria-hidden=\"true\" class=\"wp-block-spacer\"><\/div>\n\n\n\n<div class=\"wp-block-columns is-layout-flex wp-container-core-columns-is-layout-9d6595d7 wp-block-columns-is-layout-flex\">\n<div class=\"wp-block-column is-layout-flow wp-block-column-is-layout-flow\">\n<figure class=\"wp-block-image size-large\"><img loading=\"lazy\" decoding=\"async\" width=\"724\" height=\"1024\" src=\"https:\/\/albaneleonard.fr\/wp-content\/uploads\/2025\/09\/IMG_0216-1-724x1024.png\" alt=\"\" class=\"wp-image-1016\" srcset=\"https:\/\/albaneleonard.fr\/wp-content\/uploads\/2025\/09\/IMG_0216-1-724x1024.png 724w, https:\/\/albaneleonard.fr\/wp-content\/uploads\/2025\/09\/IMG_0216-1-212x300.png 212w, https:\/\/albaneleonard.fr\/wp-content\/uploads\/2025\/09\/IMG_0216-1-768x1086.png 768w, https:\/\/albaneleonard.fr\/wp-content\/uploads\/2025\/09\/IMG_0216-1-1086x1536.png 1086w, https:\/\/albaneleonard.fr\/wp-content\/uploads\/2025\/09\/IMG_0216-1-1448x2048.png 1448w, https:\/\/albaneleonard.fr\/wp-content\/uploads\/2025\/09\/IMG_0216-1-scaled.png 1810w\" sizes=\"auto, (max-width: 724px) 100vw, 724px\" \/><\/figure>\n\n\n\n<figure class=\"wp-block-image size-large\"><img loading=\"lazy\" decoding=\"async\" width=\"790\" height=\"1024\" src=\"https:\/\/albaneleonard.fr\/wp-content\/uploads\/2025\/09\/PXL_20231105_184717700.MP_-1-790x1024.jpg\" alt=\"\" class=\"wp-image-971\" srcset=\"https:\/\/albaneleonard.fr\/wp-content\/uploads\/2025\/09\/PXL_20231105_184717700.MP_-1-790x1024.jpg 790w, https:\/\/albaneleonard.fr\/wp-content\/uploads\/2025\/09\/PXL_20231105_184717700.MP_-1-231x300.jpg 231w, https:\/\/albaneleonard.fr\/wp-content\/uploads\/2025\/09\/PXL_20231105_184717700.MP_-1-768x996.jpg 768w, https:\/\/albaneleonard.fr\/wp-content\/uploads\/2025\/09\/PXL_20231105_184717700.MP_-1-1185x1536.jpg 1185w, https:\/\/albaneleonard.fr\/wp-content\/uploads\/2025\/09\/PXL_20231105_184717700.MP_-1-1580x2048.jpg 1580w, https:\/\/albaneleonard.fr\/wp-content\/uploads\/2025\/09\/PXL_20231105_184717700.MP_-1.jpg 1697w\" sizes=\"auto, (max-width: 790px) 100vw, 790px\" \/><\/figure>\n\n\n\n<figure class=\"wp-block-image size-large\"><img loading=\"lazy\" decoding=\"async\" width=\"724\" height=\"1024\" src=\"https:\/\/albaneleonard.fr\/wp-content\/uploads\/2025\/09\/IMG_0210-724x1024.png\" alt=\"\" class=\"wp-image-1030\" srcset=\"https:\/\/albaneleonard.fr\/wp-content\/uploads\/2025\/09\/IMG_0210-724x1024.png 724w, https:\/\/albaneleonard.fr\/wp-content\/uploads\/2025\/09\/IMG_0210-212x300.png 212w, https:\/\/albaneleonard.fr\/wp-content\/uploads\/2025\/09\/IMG_0210-768x1086.png 768w, https:\/\/albaneleonard.fr\/wp-content\/uploads\/2025\/09\/IMG_0210-1086x1536.png 1086w, https:\/\/albaneleonard.fr\/wp-content\/uploads\/2025\/09\/IMG_0210-1448x2048.png 1448w, https:\/\/albaneleonard.fr\/wp-content\/uploads\/2025\/09\/IMG_0210-scaled.png 1810w\" sizes=\"auto, (max-width: 724px) 100vw, 724px\" \/><\/figure>\n\n\n\n<figure class=\"wp-block-image size-large\"><img loading=\"lazy\" decoding=\"async\" width=\"686\" height=\"1024\" src=\"https:\/\/albaneleonard.fr\/wp-content\/uploads\/2025\/09\/IMG-20200502-WA0003-1-686x1024.jpeg\" alt=\"\" class=\"wp-image-999\" srcset=\"https:\/\/albaneleonard.fr\/wp-content\/uploads\/2025\/09\/IMG-20200502-WA0003-1-686x1024.jpeg 686w, https:\/\/albaneleonard.fr\/wp-content\/uploads\/2025\/09\/IMG-20200502-WA0003-1-201x300.jpeg 201w, https:\/\/albaneleonard.fr\/wp-content\/uploads\/2025\/09\/IMG-20200502-WA0003-1-768x1146.jpeg 768w, https:\/\/albaneleonard.fr\/wp-content\/uploads\/2025\/09\/IMG-20200502-WA0003-1-1029x1536.jpeg 1029w, https:\/\/albaneleonard.fr\/wp-content\/uploads\/2025\/09\/IMG-20200502-WA0003-1-1373x2048.jpeg 1373w, https:\/\/albaneleonard.fr\/wp-content\/uploads\/2025\/09\/IMG-20200502-WA0003-1-scaled.jpeg 1716w\" sizes=\"auto, (max-width: 686px) 100vw, 686px\" \/><\/figure>\n\n\n\n<figure class=\"wp-block-image size-large\"><img loading=\"lazy\" decoding=\"async\" width=\"1920\" height=\"2560\" src=\"https:\/\/albaneleonard.fr\/wp-content\/uploads\/2025\/09\/IMG_20200327_120237-edited-3-scaled.jpg\" alt=\"\" class=\"wp-image-1007\" srcset=\"https:\/\/albaneleonard.fr\/wp-content\/uploads\/2025\/09\/IMG_20200327_120237-edited-3-scaled.jpg 1920w, https:\/\/albaneleonard.fr\/wp-content\/uploads\/2025\/09\/IMG_20200327_120237-edited-3-225x300.jpg 225w, https:\/\/albaneleonard.fr\/wp-content\/uploads\/2025\/09\/IMG_20200327_120237-edited-3-768x1024.jpg 768w, https:\/\/albaneleonard.fr\/wp-content\/uploads\/2025\/09\/IMG_20200327_120237-edited-3-1152x1536.jpg 1152w, https:\/\/albaneleonard.fr\/wp-content\/uploads\/2025\/09\/IMG_20200327_120237-edited-3-1536x2048.jpg 1536w\" sizes=\"auto, (max-width: 1920px) 100vw, 1920px\" \/><\/figure>\n\n\n\n<figure class=\"wp-block-image size-large\"><img loading=\"lazy\" decoding=\"async\" width=\"768\" height=\"1024\" src=\"https:\/\/albaneleonard.fr\/wp-content\/uploads\/2025\/09\/IMG_20210319_095604-768x1024.jpg\" alt=\"\" class=\"wp-image-980\" srcset=\"https:\/\/albaneleonard.fr\/wp-content\/uploads\/2025\/09\/IMG_20210319_095604-768x1024.jpg 768w, https:\/\/albaneleonard.fr\/wp-content\/uploads\/2025\/09\/IMG_20210319_095604-225x300.jpg 225w, https:\/\/albaneleonard.fr\/wp-content\/uploads\/2025\/09\/IMG_20210319_095604-1152x1536.jpg 1152w, https:\/\/albaneleonard.fr\/wp-content\/uploads\/2025\/09\/IMG_20210319_095604-1536x2048.jpg 1536w, https:\/\/albaneleonard.fr\/wp-content\/uploads\/2025\/09\/IMG_20210319_095604-scaled.jpg 1920w\" sizes=\"auto, (max-width: 768px) 100vw, 768px\" \/><\/figure>\n\n\n\n<figure class=\"wp-block-image size-large\"><img loading=\"lazy\" decoding=\"async\" width=\"1438\" height=\"1918\" src=\"https:\/\/albaneleonard.fr\/wp-content\/uploads\/2025\/09\/PXL_20221121_165835533.MP_-edited.jpg\" alt=\"\" class=\"wp-image-990\" srcset=\"https:\/\/albaneleonard.fr\/wp-content\/uploads\/2025\/09\/PXL_20221121_165835533.MP_-edited.jpg 1438w, https:\/\/albaneleonard.fr\/wp-content\/uploads\/2025\/09\/PXL_20221121_165835533.MP_-edited-225x300.jpg 225w, https:\/\/albaneleonard.fr\/wp-content\/uploads\/2025\/09\/PXL_20221121_165835533.MP_-edited-768x1024.jpg 768w, https:\/\/albaneleonard.fr\/wp-content\/uploads\/2025\/09\/PXL_20221121_165835533.MP_-edited-1152x1536.jpg 1152w\" sizes=\"auto, (max-width: 1438px) 100vw, 1438px\" \/><\/figure>\n\n\n\n<figure class=\"wp-block-image size-large\"><img loading=\"lazy\" decoding=\"async\" width=\"1850\" height=\"2466\" src=\"https:\/\/albaneleonard.fr\/wp-content\/uploads\/2025\/09\/PXL_20221219_131641647.MP_-edited.jpg\" alt=\"\" class=\"wp-image-987\" srcset=\"https:\/\/albaneleonard.fr\/wp-content\/uploads\/2025\/09\/PXL_20221219_131641647.MP_-edited.jpg 1850w, https:\/\/albaneleonard.fr\/wp-content\/uploads\/2025\/09\/PXL_20221219_131641647.MP_-edited-225x300.jpg 225w, https:\/\/albaneleonard.fr\/wp-content\/uploads\/2025\/09\/PXL_20221219_131641647.MP_-edited-768x1024.jpg 768w, https:\/\/albaneleonard.fr\/wp-content\/uploads\/2025\/09\/PXL_20221219_131641647.MP_-edited-1152x1536.jpg 1152w, https:\/\/albaneleonard.fr\/wp-content\/uploads\/2025\/09\/PXL_20221219_131641647.MP_-edited-1536x2048.jpg 1536w\" sizes=\"auto, (max-width: 1850px) 100vw, 1850px\" \/><\/figure>\n<\/div>\n\n\n\n<div class=\"wp-block-column is-layout-flow wp-block-column-is-layout-flow\">\n<figure class=\"wp-block-image size-large\"><img loading=\"lazy\" decoding=\"async\" width=\"719\" height=\"1024\" src=\"https:\/\/albaneleonard.fr\/wp-content\/uploads\/2025\/09\/IMG-20200502-WA0004-719x1024.jpeg\" alt=\"\" class=\"wp-image-1000\" srcset=\"https:\/\/albaneleonard.fr\/wp-content\/uploads\/2025\/09\/IMG-20200502-WA0004-719x1024.jpeg 719w, https:\/\/albaneleonard.fr\/wp-content\/uploads\/2025\/09\/IMG-20200502-WA0004-211x300.jpeg 211w, https:\/\/albaneleonard.fr\/wp-content\/uploads\/2025\/09\/IMG-20200502-WA0004-768x1094.jpeg 768w, https:\/\/albaneleonard.fr\/wp-content\/uploads\/2025\/09\/IMG-20200502-WA0004-1078x1536.jpeg 1078w, https:\/\/albaneleonard.fr\/wp-content\/uploads\/2025\/09\/IMG-20200502-WA0004-1438x2048.jpeg 1438w, https:\/\/albaneleonard.fr\/wp-content\/uploads\/2025\/09\/IMG-20200502-WA0004.jpeg 1743w\" sizes=\"auto, (max-width: 719px) 100vw, 719px\" \/><\/figure>\n\n\n\n<figure class=\"wp-block-image size-large\"><img loading=\"lazy\" decoding=\"async\" width=\"640\" height=\"1024\" src=\"https:\/\/albaneleonard.fr\/wp-content\/uploads\/2025\/09\/PXL_20231116_170112759.MP_-1-640x1024.jpg\" alt=\"\" class=\"wp-image-972\" srcset=\"https:\/\/albaneleonard.fr\/wp-content\/uploads\/2025\/09\/PXL_20231116_170112759.MP_-1-640x1024.jpg 640w, https:\/\/albaneleonard.fr\/wp-content\/uploads\/2025\/09\/PXL_20231116_170112759.MP_-1-188x300.jpg 188w, https:\/\/albaneleonard.fr\/wp-content\/uploads\/2025\/09\/PXL_20231116_170112759.MP_-1-768x1228.jpg 768w, https:\/\/albaneleonard.fr\/wp-content\/uploads\/2025\/09\/PXL_20231116_170112759.MP_-1-960x1536.jpg 960w, https:\/\/albaneleonard.fr\/wp-content\/uploads\/2025\/09\/PXL_20231116_170112759.MP_-1-1281x2048.jpg 1281w, https:\/\/albaneleonard.fr\/wp-content\/uploads\/2025\/09\/PXL_20231116_170112759.MP_-1.jpg 1467w\" sizes=\"auto, (max-width: 640px) 100vw, 640px\" \/><\/figure>\n\n\n\n<figure class=\"wp-block-image size-large\"><img loading=\"lazy\" decoding=\"async\" width=\"683\" height=\"1024\" src=\"https:\/\/albaneleonard.fr\/wp-content\/uploads\/2025\/09\/IMG-20200502-WA0005-1-683x1024.jpeg\" alt=\"\" class=\"wp-image-1002\" srcset=\"https:\/\/albaneleonard.fr\/wp-content\/uploads\/2025\/09\/IMG-20200502-WA0005-1-683x1024.jpeg 683w, https:\/\/albaneleonard.fr\/wp-content\/uploads\/2025\/09\/IMG-20200502-WA0005-1-200x300.jpeg 200w, https:\/\/albaneleonard.fr\/wp-content\/uploads\/2025\/09\/IMG-20200502-WA0005-1-768x1152.jpeg 768w, https:\/\/albaneleonard.fr\/wp-content\/uploads\/2025\/09\/IMG-20200502-WA0005-1-1024x1536.jpeg 1024w, https:\/\/albaneleonard.fr\/wp-content\/uploads\/2025\/09\/IMG-20200502-WA0005-1-1365x2048.jpeg 1365w, https:\/\/albaneleonard.fr\/wp-content\/uploads\/2025\/09\/IMG-20200502-WA0005-1-scaled.jpeg 1707w\" sizes=\"auto, (max-width: 683px) 100vw, 683px\" \/><\/figure>\n\n\n\n<figure class=\"wp-block-image size-large\"><img loading=\"lazy\" decoding=\"async\" width=\"1920\" height=\"2560\" src=\"https:\/\/albaneleonard.fr\/wp-content\/uploads\/2025\/09\/JOUR-1-edited-scaled.jpg\" alt=\"\" class=\"wp-image-994\" srcset=\"https:\/\/albaneleonard.fr\/wp-content\/uploads\/2025\/09\/JOUR-1-edited-scaled.jpg 1920w, https:\/\/albaneleonard.fr\/wp-content\/uploads\/2025\/09\/JOUR-1-edited-225x300.jpg 225w, https:\/\/albaneleonard.fr\/wp-content\/uploads\/2025\/09\/JOUR-1-edited-768x1024.jpg 768w, https:\/\/albaneleonard.fr\/wp-content\/uploads\/2025\/09\/JOUR-1-edited-1152x1536.jpg 1152w, https:\/\/albaneleonard.fr\/wp-content\/uploads\/2025\/09\/JOUR-1-edited-1536x2048.jpg 1536w\" sizes=\"auto, (max-width: 1920px) 100vw, 1920px\" \/><\/figure>\n\n\n\n<figure class=\"wp-block-image size-large\"><img loading=\"lazy\" decoding=\"async\" width=\"1455\" height=\"2355\" src=\"https:\/\/albaneleonard.fr\/wp-content\/uploads\/2025\/09\/PXL_20231116_170119544.MP_-edited.jpg\" alt=\"\" class=\"wp-image-992\" srcset=\"https:\/\/albaneleonard.fr\/wp-content\/uploads\/2025\/09\/PXL_20231116_170119544.MP_-edited.jpg 1455w, https:\/\/albaneleonard.fr\/wp-content\/uploads\/2025\/09\/PXL_20231116_170119544.MP_-edited-185x300.jpg 185w, https:\/\/albaneleonard.fr\/wp-content\/uploads\/2025\/09\/PXL_20231116_170119544.MP_-edited-633x1024.jpg 633w, https:\/\/albaneleonard.fr\/wp-content\/uploads\/2025\/09\/PXL_20231116_170119544.MP_-edited-768x1243.jpg 768w, https:\/\/albaneleonard.fr\/wp-content\/uploads\/2025\/09\/PXL_20231116_170119544.MP_-edited-949x1536.jpg 949w, https:\/\/albaneleonard.fr\/wp-content\/uploads\/2025\/09\/PXL_20231116_170119544.MP_-edited-1265x2048.jpg 1265w\" sizes=\"auto, (max-width: 1455px) 100vw, 1455px\" \/><\/figure>\n\n\n\n<figure class=\"wp-block-image size-large\"><img loading=\"lazy\" decoding=\"async\" width=\"1322\" height=\"2137\" src=\"https:\/\/albaneleonard.fr\/wp-content\/uploads\/2025\/09\/PXL_20231116_170116483.MP_-edited.jpg\" alt=\"\" class=\"wp-image-993\" srcset=\"https:\/\/albaneleonard.fr\/wp-content\/uploads\/2025\/09\/PXL_20231116_170116483.MP_-edited.jpg 1322w, https:\/\/albaneleonard.fr\/wp-content\/uploads\/2025\/09\/PXL_20231116_170116483.MP_-edited-186x300.jpg 186w, https:\/\/albaneleonard.fr\/wp-content\/uploads\/2025\/09\/PXL_20231116_170116483.MP_-edited-633x1024.jpg 633w, https:\/\/albaneleonard.fr\/wp-content\/uploads\/2025\/09\/PXL_20231116_170116483.MP_-edited-768x1241.jpg 768w, https:\/\/albaneleonard.fr\/wp-content\/uploads\/2025\/09\/PXL_20231116_170116483.MP_-edited-950x1536.jpg 950w, https:\/\/albaneleonard.fr\/wp-content\/uploads\/2025\/09\/PXL_20231116_170116483.MP_-edited-1267x2048.jpg 1267w\" sizes=\"auto, (max-width: 1322px) 100vw, 1322px\" \/><\/figure>\n\n\n\n<figure class=\"wp-block-image size-large\"><img loading=\"lazy\" decoding=\"async\" width=\"1024\" height=\"663\" src=\"https:\/\/albaneleonard.fr\/wp-content\/uploads\/2025\/09\/PXL_20221219_131636811.MP_-1024x663.jpg\" alt=\"\" class=\"wp-image-1010\" srcset=\"https:\/\/albaneleonard.fr\/wp-content\/uploads\/2025\/09\/PXL_20221219_131636811.MP_-1024x663.jpg 1024w, https:\/\/albaneleonard.fr\/wp-content\/uploads\/2025\/09\/PXL_20221219_131636811.MP_-300x194.jpg 300w, https:\/\/albaneleonard.fr\/wp-content\/uploads\/2025\/09\/PXL_20221219_131636811.MP_-768x497.jpg 768w, https:\/\/albaneleonard.fr\/wp-content\/uploads\/2025\/09\/PXL_20221219_131636811.MP_-1536x995.jpg 1536w, https:\/\/albaneleonard.fr\/wp-content\/uploads\/2025\/09\/PXL_20221219_131636811.MP_-2048x1326.jpg 2048w\" sizes=\"auto, (max-width: 1024px) 100vw, 1024px\" \/><\/figure>\n\n\n\n<figure class=\"wp-block-image size-large\"><img loading=\"lazy\" decoding=\"async\" width=\"724\" height=\"1024\" src=\"https:\/\/albaneleonard.fr\/wp-content\/uploads\/2025\/09\/anniv-gaetan-724x1024.jpg\" alt=\"\" class=\"wp-image-1012\" srcset=\"https:\/\/albaneleonard.fr\/wp-content\/uploads\/2025\/09\/anniv-gaetan-724x1024.jpg 724w, https:\/\/albaneleonard.fr\/wp-content\/uploads\/2025\/09\/anniv-gaetan-212x300.jpg 212w, https:\/\/albaneleonard.fr\/wp-content\/uploads\/2025\/09\/anniv-gaetan-768x1086.jpg 768w, https:\/\/albaneleonard.fr\/wp-content\/uploads\/2025\/09\/anniv-gaetan-1086x1536.jpg 1086w, https:\/\/albaneleonard.fr\/wp-content\/uploads\/2025\/09\/anniv-gaetan-1448x2048.jpg 1448w, https:\/\/albaneleonard.fr\/wp-content\/uploads\/2025\/09\/anniv-gaetan-scaled.jpg 1810w\" sizes=\"auto, (max-width: 724px) 100vw, 724px\" \/><\/figure>\n<\/div>\n\n\n\n<div class=\"wp-block-column is-layout-flow wp-block-column-is-layout-flow\">\n<figure class=\"wp-block-image size-large\"><img loading=\"lazy\" decoding=\"async\" width=\"724\" height=\"1024\" src=\"https:\/\/albaneleonard.fr\/wp-content\/uploads\/2025\/09\/kdo-hugo-724x1024.jpeg\" alt=\"\" class=\"wp-image-1013\" srcset=\"https:\/\/albaneleonard.fr\/wp-content\/uploads\/2025\/09\/kdo-hugo-724x1024.jpeg 724w, https:\/\/albaneleonard.fr\/wp-content\/uploads\/2025\/09\/kdo-hugo-212x300.jpeg 212w, https:\/\/albaneleonard.fr\/wp-content\/uploads\/2025\/09\/kdo-hugo-768x1086.jpeg 768w, https:\/\/albaneleonard.fr\/wp-content\/uploads\/2025\/09\/kdo-hugo-1086x1536.jpeg 1086w, https:\/\/albaneleonard.fr\/wp-content\/uploads\/2025\/09\/kdo-hugo-1448x2048.jpeg 1448w, https:\/\/albaneleonard.fr\/wp-content\/uploads\/2025\/09\/kdo-hugo-scaled.jpeg 1810w\" sizes=\"auto, (max-width: 724px) 100vw, 724px\" \/><\/figure>\n\n\n\n<figure class=\"wp-block-image size-large\"><img loading=\"lazy\" decoding=\"async\" width=\"708\" height=\"1024\" src=\"https:\/\/albaneleonard.fr\/wp-content\/uploads\/2025\/09\/IMG-20200502-WA0007-1-708x1024.jpeg\" alt=\"\" class=\"wp-image-1003\" srcset=\"https:\/\/albaneleonard.fr\/wp-content\/uploads\/2025\/09\/IMG-20200502-WA0007-1-708x1024.jpeg 708w, https:\/\/albaneleonard.fr\/wp-content\/uploads\/2025\/09\/IMG-20200502-WA0007-1-207x300.jpeg 207w, https:\/\/albaneleonard.fr\/wp-content\/uploads\/2025\/09\/IMG-20200502-WA0007-1-768x1111.jpeg 768w, https:\/\/albaneleonard.fr\/wp-content\/uploads\/2025\/09\/IMG-20200502-WA0007-1-1062x1536.jpeg 1062w, https:\/\/albaneleonard.fr\/wp-content\/uploads\/2025\/09\/IMG-20200502-WA0007-1-1416x2048.jpeg 1416w, https:\/\/albaneleonard.fr\/wp-content\/uploads\/2025\/09\/IMG-20200502-WA0007-1-scaled.jpeg 1770w\" sizes=\"auto, (max-width: 708px) 100vw, 708px\" \/><\/figure>\n\n\n\n<figure class=\"wp-block-image size-large\"><img loading=\"lazy\" decoding=\"async\" width=\"1080\" height=\"1619\" src=\"https:\/\/albaneleonard.fr\/wp-content\/uploads\/2025\/09\/IMG_20200405_215348_888-edited.jpg\" alt=\"\" class=\"wp-image-991\" srcset=\"https:\/\/albaneleonard.fr\/wp-content\/uploads\/2025\/09\/IMG_20200405_215348_888-edited.jpg 1080w, https:\/\/albaneleonard.fr\/wp-content\/uploads\/2025\/09\/IMG_20200405_215348_888-edited-200x300.jpg 200w, https:\/\/albaneleonard.fr\/wp-content\/uploads\/2025\/09\/IMG_20200405_215348_888-edited-683x1024.jpg 683w, https:\/\/albaneleonard.fr\/wp-content\/uploads\/2025\/09\/IMG_20200405_215348_888-edited-768x1151.jpg 768w, https:\/\/albaneleonard.fr\/wp-content\/uploads\/2025\/09\/IMG_20200405_215348_888-edited-1025x1536.jpg 1025w\" sizes=\"auto, (max-width: 1080px) 100vw, 1080px\" \/><\/figure>\n\n\n\n<figure class=\"wp-block-image size-large\"><img loading=\"lazy\" decoding=\"async\" width=\"1650\" height=\"2200\" src=\"https:\/\/albaneleonard.fr\/wp-content\/uploads\/2025\/09\/Snapchat-1272326803-edited.jpg\" alt=\"\" class=\"wp-image-988\" srcset=\"https:\/\/albaneleonard.fr\/wp-content\/uploads\/2025\/09\/Snapchat-1272326803-edited.jpg 1650w, https:\/\/albaneleonard.fr\/wp-content\/uploads\/2025\/09\/Snapchat-1272326803-edited-225x300.jpg 225w, https:\/\/albaneleonard.fr\/wp-content\/uploads\/2025\/09\/Snapchat-1272326803-edited-768x1024.jpg 768w, https:\/\/albaneleonard.fr\/wp-content\/uploads\/2025\/09\/Snapchat-1272326803-edited-1152x1536.jpg 1152w, https:\/\/albaneleonard.fr\/wp-content\/uploads\/2025\/09\/Snapchat-1272326803-edited-1536x2048.jpg 1536w\" sizes=\"auto, (max-width: 1650px) 100vw, 1650px\" \/><\/figure>\n\n\n\n<figure class=\"wp-block-image size-large\"><img loading=\"lazy\" decoding=\"async\" width=\"1024\" height=\"1024\" src=\"https:\/\/albaneleonard.fr\/wp-content\/uploads\/2025\/09\/portrait-bon-1024x1024.jpg\" alt=\"\" class=\"wp-image-1014\" srcset=\"https:\/\/albaneleonard.fr\/wp-content\/uploads\/2025\/09\/portrait-bon-1024x1024.jpg 1024w, https:\/\/albaneleonard.fr\/wp-content\/uploads\/2025\/09\/portrait-bon-300x300.jpg 300w, https:\/\/albaneleonard.fr\/wp-content\/uploads\/2025\/09\/portrait-bon-150x150.jpg 150w, https:\/\/albaneleonard.fr\/wp-content\/uploads\/2025\/09\/portrait-bon-768x768.jpg 768w, https:\/\/albaneleonard.fr\/wp-content\/uploads\/2025\/09\/portrait-bon-1536x1536.jpg 1536w, https:\/\/albaneleonard.fr\/wp-content\/uploads\/2025\/09\/portrait-bon-2048x2048.jpg 2048w\" sizes=\"auto, (max-width: 1024px) 100vw, 1024px\" \/><\/figure>\n\n\n\n<figure class=\"wp-block-image size-large\"><img loading=\"lazy\" decoding=\"async\" width=\"1457\" height=\"2076\" src=\"https:\/\/albaneleonard.fr\/wp-content\/uploads\/2025\/09\/PXL_20231031_153914266-edited.jpg\" alt=\"\" class=\"wp-image-989\" srcset=\"https:\/\/albaneleonard.fr\/wp-content\/uploads\/2025\/09\/PXL_20231031_153914266-edited.jpg 1457w, https:\/\/albaneleonard.fr\/wp-content\/uploads\/2025\/09\/PXL_20231031_153914266-edited-211x300.jpg 211w, https:\/\/albaneleonard.fr\/wp-content\/uploads\/2025\/09\/PXL_20231031_153914266-edited-719x1024.jpg 719w, https:\/\/albaneleonard.fr\/wp-content\/uploads\/2025\/09\/PXL_20231031_153914266-edited-768x1094.jpg 768w, https:\/\/albaneleonard.fr\/wp-content\/uploads\/2025\/09\/PXL_20231031_153914266-edited-1078x1536.jpg 1078w, https:\/\/albaneleonard.fr\/wp-content\/uploads\/2025\/09\/PXL_20231031_153914266-edited-1437x2048.jpg 1437w\" sizes=\"auto, (max-width: 1457px) 100vw, 1457px\" \/><\/figure>\n\n\n\n<figure class=\"wp-block-image size-large\"><img loading=\"lazy\" decoding=\"async\" width=\"2560\" height=\"1642\" src=\"https:\/\/albaneleonard.fr\/wp-content\/uploads\/2025\/09\/PXL_20221219_131655002.MP_-edited.jpg\" alt=\"\" class=\"wp-image-1009\" srcset=\"https:\/\/albaneleonard.fr\/wp-content\/uploads\/2025\/09\/PXL_20221219_131655002.MP_-edited.jpg 2560w, https:\/\/albaneleonard.fr\/wp-content\/uploads\/2025\/09\/PXL_20221219_131655002.MP_-edited-300x192.jpg 300w, https:\/\/albaneleonard.fr\/wp-content\/uploads\/2025\/09\/PXL_20221219_131655002.MP_-edited-1024x657.jpg 1024w, https:\/\/albaneleonard.fr\/wp-content\/uploads\/2025\/09\/PXL_20221219_131655002.MP_-edited-768x493.jpg 768w, https:\/\/albaneleonard.fr\/wp-content\/uploads\/2025\/09\/PXL_20221219_131655002.MP_-edited-1536x985.jpg 1536w, https:\/\/albaneleonard.fr\/wp-content\/uploads\/2025\/09\/PXL_20221219_131655002.MP_-edited-2048x1314.jpg 2048w\" sizes=\"auto, (max-width: 2560px) 100vw, 2560px\" \/><\/figure>\n\n\n\n<figure class=\"wp-block-image size-large\"><img loading=\"lazy\" decoding=\"async\" width=\"723\" height=\"1024\" src=\"https:\/\/albaneleonard.fr\/wp-content\/uploads\/2025\/09\/affiche-theatre-2025-723x1024.jpg\" alt=\"\" class=\"wp-image-1011\" srcset=\"https:\/\/albaneleonard.fr\/wp-content\/uploads\/2025\/09\/affiche-theatre-2025-723x1024.jpg 723w, https:\/\/albaneleonard.fr\/wp-content\/uploads\/2025\/09\/affiche-theatre-2025-212x300.jpg 212w, https:\/\/albaneleonard.fr\/wp-content\/uploads\/2025\/09\/affiche-theatre-2025-768x1088.jpg 768w, https:\/\/albaneleonard.fr\/wp-content\/uploads\/2025\/09\/affiche-theatre-2025-1085x1536.jpg 1085w, https:\/\/albaneleonard.fr\/wp-content\/uploads\/2025\/09\/affiche-theatre-2025-1446x2048.jpg 1446w, https:\/\/albaneleonard.fr\/wp-content\/uploads\/2025\/09\/affiche-theatre-2025-scaled.jpg 1808w\" sizes=\"auto, (max-width: 723px) 100vw, 723px\" \/><\/figure>\n\n\n\n<figure class=\"wp-block-image size-large\"><img loading=\"lazy\" decoding=\"async\" width=\"1024\" height=\"695\" src=\"https:\/\/albaneleonard.fr\/wp-content\/uploads\/2025\/09\/PXL_20231031_153726834.MP_-1024x695.jpg\" alt=\"\" class=\"wp-image-1017\" srcset=\"https:\/\/albaneleonard.fr\/wp-content\/uploads\/2025\/09\/PXL_20231031_153726834.MP_-1024x695.jpg 1024w, https:\/\/albaneleonard.fr\/wp-content\/uploads\/2025\/09\/PXL_20231031_153726834.MP_-300x204.jpg 300w, https:\/\/albaneleonard.fr\/wp-content\/uploads\/2025\/09\/PXL_20231031_153726834.MP_-768x521.jpg 768w, https:\/\/albaneleonard.fr\/wp-content\/uploads\/2025\/09\/PXL_20231031_153726834.MP_.jpg 1444w\" sizes=\"auto, (max-width: 1024px) 100vw, 1024px\" \/><\/figure>\n<\/div>\n<\/div>\n","protected":false},"excerpt":{"rendered":"<p>Dessin [&hellip;]<\/p>\n","protected":false},"author":1,"featured_media":0,"parent":0,"menu_order":0,"comment_status":"closed","ping_status":"closed","template":"","meta":{"footnotes":""},"class_list":["post-967","page","type-page","status-publish","hentry"],"_links":{"self":[{"href":"https:\/\/albaneleonard.fr\/index.php\/wp-json\/wp\/v2\/pages\/967","targetHints":{"allow":["GET"]}}],"collection":[{"href":"https:\/\/albaneleonard.fr\/index.php\/wp-json\/wp\/v2\/pages"}],"about":[{"href":"https:\/\/albaneleonard.fr\/index.php\/wp-json\/wp\/v2\/types\/page"}],"author":[{"embeddable":true,"href":"https:\/\/albaneleonard.fr\/index.php\/wp-json\/wp\/v2\/users\/1"}],"replies":[{"embeddable":true,"href":"https:\/\/albaneleonard.fr\/index.php\/wp-json\/wp\/v2\/comments?post=967"}],"version-history":[{"count":10,"href":"https:\/\/albaneleonard.fr\/index.php\/wp-json\/wp\/v2\/pages\/967\/revisions"}],"predecessor-version":[{"id":2055,"href":"https:\/\/albaneleonard.fr\/index.php\/wp-json\/wp\/v2\/pages\/967\/revisions\/2055"}],"wp:attachment":[{"href":"https:\/\/albaneleonard.fr\/index.php\/wp-json\/wp\/v2\/media?parent=967"}],"curies":[{"name":"wp","href":"https:\/\/api.w.org\/{rel}","templated":true}]}}